210.83.80.216 - - [14/May/2009:00:10:46 +0800] "GET /index.php HTTP/1.0" 200 10062 "-" "-"
210.83.80.216 - - [14/May/2009:00:10:46 +0800] "GET /index.php HTTP/1.0" 200 10084 "-" "-"
123.131.85.210 - - [14/May/2009:00:10:45 +0800] "GET /2009.php HTTP/1.1" 200 0 "http://www.kakagoo.com/2009/0417/2666.html" "Mozilla/4.0 (compatible; MSIE 6.0; Windows NT 5.1; SV1)"
123.131.85.210 - - [14/May/2009:00:10:38 +0800] "GET /2009.php HTTP/1.1" 200 0 "http://www.kakagoo.com/2009/0129/1023.html" "Mozilla/4.0 (compatible; MSIE 6.0; Windows NT 5.1; SV1)"
123.131.85.210 - - [14/May/2009:00:10:52 +0800] "GET /2009.php HTTP/1.1" 200 400 "http://www.kakagoo.com/2009/0411/2498.html" "Mozilla/4.0 (compatible; MSIE 6.0; Windows NT 5.1; SV1)"
218.66.75.147 - - [14/May/2009:00:11:30 +0800] "GET /qq25/20090425/374.html HTTP/1.1" 200 3238 "http://www.baidu.com/s?ie=gb2312&bs=%C0%C1%D1%F2%D1%F2&sr=&z=&cl=3&f=8&wd=%C0%C1%D1%F2%D1%F2%CD%F8%C3%FB&ct=0" "Mozilla/4.0 (compatible; MSIE 6.0; Windows NT 5.1; SV1; iCafeMedia; icafe8; .NET CLR 2.0.50727)"
218.66.75.147 - - [14/May/2009:00:11:30 +0800] "GET /templates/kakagoo/skins/default/phpcms.css HTTP/1.1" 200 1897 "http://www.kakagoo.cn/qq25/20090425/374.html" "Mozilla/4.0 (compatible; MSIE 6.0; Windows NT 5.1; SV1; iCafeMedia; icafe8; .NET CLR 2.0.50727)"
218.66.75.147 - - [14/May/2009:00:11:30 +0800] "GET /data/config.js HTTP/1.1" 200 436 "http://www.kakagoo.cn/qq25/20090425/374.html" "Mozilla/4.0 (compatible; MSIE 6.0; Windows NT 5.1; SV1; iCafeMedia; icafe8; .NET CLR 2.0.50727)"
218.66.75.147 - - [14/May/2009:00:11:30 +0800] "GET /images/js/jquery.min.js HTTP/1.1" 200 15833 "http://www.kakagoo.cn/qq25/20090425/374.html" "Mozilla/4.0 (compatible; MSIE 6.0; Windows NT 5.1; SV1; iCafeMedia; icafe8; .NET CLR 2.0.50727)"
218.66.75.147 - - [14/May/2009:00:11:30 +0800] "GET /images/js/css.js HTTP/1.1" 200 797 "http://www.kakagoo.cn/qq25/20090425/374.html" "Mozilla/4.0 (compatible; MSIE 6.0; Windows NT 5.1; SV1; iCafeMedia; icafe8; .NET CLR 2.0.50727)"
218.66.75.147 - - [14/May/2009:00:11:31 +0800] "GET /images/js/common.js HTTP/1.1" 200 3762 "http://www.kakagoo.cn/qq25/20090425/374.html" "Mozilla/4.0 (compatible; MSIE 6.0; Windows NT 5.1; SV1; iCafeMedia; icafe8; .NET CLR 2.0.50727)"
218.66.75.147 - - [14/May/2009:00:11:31 +0800] "GET /images/js/login.js HTTP/1.1" 200 795 "http://www.kakagoo.cn/qq25/20090425/374.html" "Mozilla/4.0 (compatible; MSIE 6.0; Windows NT 5.1; SV1; iCafeMedia; icafe8; .NET CLR 2.0.50727)"
218.66.75.147 - - [14/May/2009:00:11:31 +0800] "GET /images/js/validator.js HTTP/1.1" 200 3901 "http://www.kakagoo.cn/qq25/20090425/374.html" "Mozilla/4.0 (compatible; MSIE 6.0; Windows NT 5.1; SV1; iCafeMedia; icafe8; .NET CLR 2.0.50727)"
218.66.75.147 - - [14/May/2009:00:11:31 +0800] "GET /templates/kakagoo/skins/default/images/top_bg.gif HTTP/1.1" 200 575 "http://www.kakagoo.cn/qq25/20090425/374.html" "Mozilla/4.0 (compatible; MSIE 6.0; Windows NT 5.1; SV1; iCafeMedia; icafe8; .NET CLR 2.0.50727)"
218.66.75.147 - - [14/May/2009:00:11:31 +0800] "GET /templates/kakagoo/skins/default/images/small_jt.gif HTTP/1.1" 200 323 "http://www.kakagoo.cn/qq25/20090425/374.html" "Mozilla/4.0 (compatible; MSIE 6.0; Windows NT 5.1; SV1; iCafeMedia; icafe8; .NET CLR 2.0.50727)"
218.66.75.147 - - [14/May/2009:00:11:31 +0800] "GET /templates/kakagoo/skins/default/images/jt.gif HTTP/1.1" 200 439 "http://www.kakagoo.cn/qq25/20090425/374.html" "Mozilla/4.0 (compatible; MSIE 6.0; Windows NT 5.1; SV1; iCafeMedia; icafe8; .NET CLR 2.0.50727)"
218.66.75.147 - - [14/May/2009:00:11:31 +0800] "GET /templates/kakagoo/skins/default/images/logo.jpg HTTP/1.1" 200 29211 "http://www.kakagoo.cn/qq25/20090425/374.html" "Mozilla/4.0 (compatible; MSIE 6.0; Windows NT 5.1; SV1; iCafeMedia; icafe8; .NET CLR 2.0.50727)"
218.66.75.147 - - [14/May/2009:00:11:31 +0800] "GET /count.php?contentid=374 HTTP/1.1" 200 333 "http://www.kakagoo.cn/qq25/20090425/374.html" "Mozilla/4.0 (compatible; MSIE 6.0; Windows NT 5.1; SV1; iCafeMedia; icafe8; .NET CLR 2.0.50727)"
218.66.75.147 - - [14/May/2009:00:11:31 +0800] "GET /templates/kakagoo/skins/default/images/logo.gif HTTP/1.1" 200 2513 "http://www.kakagoo.cn/qq25/20090425/374.html" "Mozilla/4.0 (compatible; MSIE 6.0; Windows NT 5.1; SV1; iCafeMedia; icafe8; .NET CLR 2.0.50727)"
218.66.75.147 - - [14/May/2009:00:11:32 +0800] "GET /images/js/footer.js HTTP/1.1" 200 782 "http://www.kakagoo.cn/qq25/20090425/374.html" "Mozilla/4.0 (compatible; MSIE 6.0; Windows NT 5.1; SV1; iCafeMedia; icafe8; .NET CLR 2.0.50727)"
218.66.75.147 - - [14/May/2009:00:11:32 +0800] "GET /2009.php HTTP/1.1" 200 399 "http://www.kakagoo.cn/qq25/20090425/374.html" "Mozilla/4.0 (compatible; MSIE 6.0; Windows NT 5.1; SV1; iCafeMedia; icafe8; .NET CLR 2.0.50727)"
218.66.75.147 - - [14/May/2009:00:11:32 +0800] "GET /templates/kakagoo/skins/default/images/bg_admin.jpg HTTP/1.1" 200 754 "http://www.kakagoo.cn/qq25/20090425/374.html" "Mozilla/4.0 (compatible; MSIE 6.0; Windows NT 5.1; SV1; iCafeMedia; icafe8; .NET CLR 2.0.50727)"
218.66.75.147 - - [14/May/2009:00:11:32 +0800] "GET /templates/kakagoo/skins/default/images/bg_admin.jpg HTTP/1.1" 200 754 "http://www.kakagoo.cn/qq25/20090425/374.html" "Mozilla/4.0 (compatible; MSIE 6.0; Windows NT 5.1; SV1; iCafeMedia; icafe8; .NET CLR 2.0.50727)"
203.208.60.11 - - [14/May/2009:00:11:34 +0800] "GET /robots.txt HTTP/1.1" 200 464 "-" "Mediapartners-Google"
203.208.60.11 - - [14/May/2009:00:11:34 +0800] "GET /qq25/20090425/374.html HTTP/1.1" 200 3237 "-" "Mediapartners-Google"
202.160.180.102 - - [14/May/2009:00:11:41 +0800] "GET /qq19/ HTTP/1.0" 200 2486 "-" "Mozilla/5.0 (compatible; Yahoo! Slurp China; http://misc.yahoo.com.cn/help.html)"
123.131.85.210 - - [14/May/2009:00:12:39 +0800] "GET /2009.php HTTP/1.1" 200 400 "http://www.kakagoo.com/2009/0410/2485.html" "Mozilla/4.0 (compatible; MSIE 6.0; Windows NT 5.1; SV1)"
123.131.85.210 - - [14/May/2009:00:12:47 +0800] "GET /2009.php HTTP/1.1" 200 400 "http://www.kakagoo.com/2009/0129/1022.html" "Mozilla/4.0 (compatible; MSIE 6.0; Windows NT 5.1; SV1)"
210.83.80.216 - - [14/May/2009:00:13:18 +0800] "GET /index.php HTTP/1.0" 200 10073 "-" "-"
123.131.85.210 - - [14/May/2009:00:13:18 +0800] "GET /2009.php HTTP/1.1" 200 400 "http://www.kakagoo.com/2009/0129/1023.html" "Mozilla/4.0 (compatible; MSIE 6.0; Windows NT 5.1; SV1)"
123.131.85.210 - - [14/May/2009:00:13:26 +0800] "GET /2009.php HTTP/1.1" 200 400 "http://www.kakagoo.com/2009/0117/919.html" "Mozilla/4.0 (compatible; MSIE 6.0; Windows NT 5.1; SV1)"
123.131.85.210 - - [14/May/2009:00:15:04 +0800] "GET /2009.php HTTP/1.1" 200 400 "http://www.kakagoo.com/2009/0117/919.html" "Mozilla/4.0 (compatible; MSIE 6.0; Windows NT 5.1; SV1)"
123.131.85.210 - - [14/May/2009:00:15:09 +0800] "GET /2009.php HTTP/1.1" 200 400 "http://www.kakagoo.com/2009/0129/1021.html" "Mozilla/4.0 (compatible; MSIE 6.0; Windows NT 5.1; SV1)"
123.131.85.210 - - [14/May/2009:00:15:39 +0800] "GET /2009.php HTTP/1.1" 200 400 "http://www.kakagoo.com/2009/0203/1065.html" "Mozilla/4.0 (compatible; MSIE 6.0; Windows NT 5.1; SV1)"
210.83.80.216 - - [14/May/2009:00:16:05 +0800] "GET /index.php HTTP/1.0" 200 10086 "-" "-"
123.131.85.210 - - [14/May/2009:00:16:05 +0800] "GET /2009.php HTTP/1.1" 200 400 "http://www.kakagoo.com/2009/0506/2844.html" "Mozilla/4.0 (compatible; MSIE 6.0; Windows NT 5.1; SV1)"
123.131.85.210 - - [14/May/2009:00:16:09 +0800] "GET /2009.php HTTP/1.1" 200 400 "http://www.kakagoo.com/2009/0117/919.html" "Mozilla/4.0 (compatible; MSIE 6.0; Windows NT 5.1; SV1)"
123.131.85.210 - - [14/May/2009:00:16:13 +0800] "GET /2009.php HTTP/1.1" 200 400 "http://www.kakagoo.com/2009/0412/2542.html" "Mozilla/4.0 (compatible; MSIE 6.0; Windows NT 5.1; SV1)"
123.131.85.210 - - [14/May/2009:00:16:22 +0800] "GET /2009.php HTTP/1.1" 200 400 "http://www.kakagoo.com/2009/0414/2638.html" "Mozilla/4.0 (compatible; MSIE 6.0; Windows NT 5.1; SV1)"
123.131.85.210 - - [14/May/2009:00:16:34 +0800] "GET /2009.php HTTP/1.1" 200 400 "http://www.kakagoo.com/2009/0413/2571.html" "Mozilla/4.0 (compatible; MSIE 6.0; Windows NT 5.1; SV1)"
123.131.85.210 - - [14/May/2009:00:16:44 +0800] "GET /2009.php HTTP/1.1" 200 400 "http://www.kakagoo.com/2009/0506/2845.html" "Mozilla/4.0 (compatible; MSIE 6.0; Windows NT 5.1; SV1)"
123.131.85.210 - - [14/May/2009:00:16:46 +0800] "GET /2009.php HTTP/1.1" 200 400 "http://www.kakagoo.com/2009/0506/2846.html" "Mozilla/4.0 (compatible; MSIE 6.0; Windows NT 5.1; SV1)"
123.131.85.210 - - [14/May/2009:00:16:51 +0800] "GET /2009.php HTTP/1.1" 200 400 "http://www.kakagoo.com/2009/0128/1010.html" "Mozilla/4.0 (compatible; MSIE 6.0; Windows NT 5.1; SV1)"
123.131.85.210 - - [14/May/2009:00:16:58 +0800] "GET /2009.php HTTP/1.1" 200 400 "http://www.kakagoo.com/2009/0117/918.html" "Mozilla/4.0 (compatible; MSIE 6.0; Windows NT 5.1; SV1)"
123.131.85.210 - - [14/May/2009:00:17:11 +0800] "GET /2009.php HTTP/1.1" 200 400 "http://www.kakagoo.com/2009/0110/768.html" "Mozilla/4.0 (compatible; MSIE 6.0; Windows NT 5.1; SV1)"
220.181.61.229 - - [14/May/2009:00:18:16 +0800] "GET /qq25/20090427/646.html HTTP/1.1" 304 190 "-" "Sogou web spider/4.0(+http://www.sogou.com/docs/help/webmasters.htm#07)"
220.181.61.229 - - [14/May/2009:00:18:26 +0800] "GET /qq25/20090427/653.html HTTP/1.1" 304 190 "-" "Sogou web spider/4.0(+http://www.sogou.com/docs/help/webmasters.htm#07)"
220.181.61.229 - - [14/May/2009:00:18:36 +0800] "GET /qq25/20090427/663.html HTTP/1.1" 304 190 "-" "Sogou web spider/4.0(+http://www.sogou.com/docs/help/webmasters.htm#07)"
220.181.61.229 - - [14/May/2009:00:18:46 +0800] "GET /qq25/20090428/664.html HTTP/1.1" 304 190 "-" "Sogou web spider/4.0(+http://www.sogou.com/docs/help/webmasters.htm#07)"
220.181.61.229 - - [14/May/2009:00:18:56 +0800] "GET /qq20/20090429/841.html HTTP/1.1" 304 190 "-" "Sogou web spider/4.0(+http://www.sogou.com/docs/help/webmasters.htm#07)"
220.181.61.229 - - [14/May/2009:00:19:09 +0800] "GET /qq20/20090429/842.html HTTP/1.1" 304 190 "-" "Sogou web spider/4.0(+http://www.sogou.com/docs/help/webmasters.htm#07)"
220.181.61.229 - - [14/May/2009:00:19:20 +0800] "GET /qq20/20090430/852.html HTTP/1.1" 304 190 "-" "Sogou web spider/4.0(+http://www.sogou.com/docs/help/webmasters.htm#07)"
220.181.61.229 - - [14/May/2009:00:19:30 +0800] "GET /qq20/20090430/866.html HTTP/1.1" 304 190 "-" "Sogou web spider/4.0(+http://www.sogou.com/docs/help/webmasters.htm#07)"
210.83.80.216 - - [14/May/2009:00:19:38 +0800] "GET /index.php HTTP/1.0" 200 10112 "-" "-"
58.212.25.7 - - [14/May/2009:00:19:38 +0800] "GET /2009.php HTTP/1.1" 200 400 "http://www.kakagoo.com/2009/0306/1389.html" "Mozilla/4.0 (compatible; MSIE 6.0; Windows NT 5.1; SV1; QQDownload 1.7; GTB6)"
220.181.61.229 - - [14/May/2009:00:19:40 +0800] "GET /qq20/20090430/867.html HTTP/1.1" 304 190 "-" "Sogou web spider/4.0(+http://www.sogou.com/docs/help/webmasters.htm#07)"
220.181.61.229 - - [14/May/2009:00:19:51 +0800] "GET /qq20/20090430/868.html HTTP/1.1" 304 190 "-" "Sogou web spider/4.0(+http://www.sogou.com/docs/help/webmasters.htm#07)"
220.181.61.229 - - [14/May/2009:00:20:01 +0800] "GET /qq20/20090430/871.html HTTP/1.1" 304 190 "-" "Sogou web spider/4.0(+http://www.sogou.com/docs/help/webmasters.htm#07)"
220.181.61.229 - - [14/May/2009:00:20:12 +0800] "GET /qq20/20090430/876.html HTTP/1.1" 304 190 "-" "Sogou web spider/4.0(+http://www.sogou.com/docs/help/webmasters.htm#07)"
220.181.61.229 - - [14/May/2009:00:20:22 +0800] "GET /qq20/20090430/882.html HTTP/1.1" 304 190 "-" "Sogou web spider/4.0(+http://www.sogou.com/docs/help/webmasters.htm#07)"
220.181.61.229 - - [14/May/2009:00:20:33 +0800] "GET /qq20/20090430/889.html HTTP/1.1" 304 190 "-" "Sogou web spider/4.0(+http://www.sogou.com/docs/help/webmasters.htm#07)"
220.181.61.229 - - [14/May/2009:00:20:42 +0800] "GET /qq25/20090424/267.html HTTP/1.1" 304 190 "-" "Sogou web spider/4.0(+http://www.sogou.com/docs/help/webmasters.htm#07)"
116.18.23.243 - - [14/May/2009:00:20:44 +0800] "GET /2009.php HTTP/1.1" 200 400 "http://www.kakagoo.com/2008/1229/540.html" "Mozilla/4.0 (compatible; MSIE 6.0; Windows NT 5.1; SV1; GTB6; QQDownload 1.7)"
220.181.61.229 - - [14/May/2009:00:20:53 +0800] "GET /qq25/20090424/295.html HTTP/1.1" 304 190 "-" "Sogou web spider/4.0(+http://www.sogou.com/docs/help/webmasters.htm#07)"
58.212.25.7 - - [14/May/2009:00:20:54 +0800] "GET /2009.php HTTP/1.1" 200 400 "http://www.kakagoo.com/2009/0505/2840.html" "Mozilla/4.0 (compatible; MSIE 6.0; Windows NT 5.1; SV1; QQDownload 1.7; GTB6)"
220.181.61.229 - - [14/May/2009:00:21:03 +0800] "GET /qq25/20090425/346.html HTTP/1.1" 304 190 "-" "Sogou web spider/4.0(+http://www.sogou.com/docs/help/webmasters.htm#07)"
58.212.25.7 - - [14/May/2009:00:21:12 +0800] "GET /2009.php HTTP/1.1" 200 400 "http://www.kakagoo.com/2009/0505/2837.html" "Mozilla/4.0 (compatible; MSIE 6.0; Windows NT 5.1; SV1; QQDownload 1.7; GTB6)"
220.181.61.229 - - [14/May/2009:00:21:14 +0800] "GET /qq25/20090426/491.html HTTP/1.1" 304 190 "-" "Sogou web spider/4.0(+http://www.sogou.com/docs/help/webmasters.htm#07)"
58.212.25.7 - - [14/May/2009:00:21:20 +0800] "GET /2009.php HTTP/1.1" 200 400 "http://www.kakagoo.com/2009/0505/2836.html" "Mozilla/4.0 (compatible; MSIE 6.0; Windows NT 5.1; SV1; QQDownload 1.7; GTB6)"
220.181.61.229 - - [14/May/2009:00:21:27 +0800] "GET /qq25/20090426/496.html HTTP/1.1" 304 190 "-" "Sogou web spider/4.0(+http://www.sogou.com/docs/help/webmasters.htm#07)"
58.212.25.7 - - [14/May/2009:00:21:30 +0800] "GET /2009.php HTTP/1.1" 200 400 "http://www.kakagoo.com/2009/0426/2762.html" "Mozilla/4.0 (compatible; MSIE 6.0; Windows NT 5.1; SV1; QQDownload 1.7; GTB6)"
220.181.61.229 - - [14/May/2009:00:21:36 +0800] "GET /qq25/20090426/498.html HTTP/1.1" 304 190 "-" "Sogou web spider/4.0(+http://www.sogou.com/docs/help/webmasters.htm#07)"
58.212.25.7 - - [14/May/2009:00:21:43 +0800] "GET /2009.php HTTP/1.1" 200 400 "http://www.kakagoo.com/2009/0423/2746.html" "Mozilla/4.0 (compatible; MSIE 6.0; Windows NT 5.1; SV1; QQDownload 1.7; GTB6)"
220.181.61.229 - - [14/May/2009:00:21:46 +0800] "GET /qq20/20090426/473.html HTTP/1.1" 304 190 "-" "Sogou web spider/4.0(+http://www.sogou.com/docs/help/webmasters.htm#07)"
58.212.25.7 - - [14/May/2009:00:21:47 +0800] "GET /2009.php HTTP/1.1" 200 400 "http://www.kakagoo.com/2009/0423/2745.html" "Mozilla/4.0 (compatible; MSIE 6.0; Windows NT 5.1; SV1; QQDownload 1.7; GTB6)"
58.212.25.7 - - [14/May/2009:00:21:55 +0800] "GET /2009.php HTTP/1.1" 200 400 "http://www.kakagoo.com/2009/0423/2737.html" "Mozilla/4.0 (compatible; MSIE 6.0; Windows NT 5.1; SV1; QQDownload 1.7; GTB6)"
220.181.61.229 - - [14/May/2009:00:21:56 +0800] "GET /qq20/20090429/771.html HTTP/1.1" 304 190 "-" "Sogou web spider/4.0(+http://www.sogou.com/docs/help/webmasters.htm#07)"
210.83.80.216 - - [14/May/2009:00:22:02 +0800] "GET /index.php HTTP/1.0" 200 10107 "-" "-"
219.128.176.155 - - [14/May/2009:00:22:02 +0800] "GET /2009.php HTTP/1.1" 200 400 "http://www.kakagoo.com/2009/0120/951.html" "Mozilla/4.0 (compatible; MSIE 7.0; Windows NT 5.1; QQDownload 1.7; Mozilla/4.0 (compatible; MSIE 6.0; Windows NT 5.1; SV1) ; .NET CLR 2.0.50727)"
58.212.25.7 - - [14/May/2009:00:22:02 +0800] "GET /2009.php HTTP/1.1" 200 400 "http://www.kakagoo.com/2009/0423/2734.html" "Mozilla/4.0 (compatible; MSIE 6.0; Windows NT 5.1; SV1; QQDownload 1.7; GTB6)"
220.181.61.229 - - [14/May/2009:00:22:06 +0800] "GET /qq20/20090429/773.html HTTP/1.1" 304 190 "-" "Sogou web spider/4.0(+http://www.sogou.com/docs/help/webmasters.htm#07)"
58.252.47.55 - - [14/May/2009:00:22:13 +0800] "GET /2009.php HTTP/1.1" 200 400 "http://www.kakagoo.com/2008/1229/504.html" "Mozilla/4.0 (compatible; MSIE 7.0; Windows NT 6.0; Mozilla/4.0 (compatible; MSIE 6.0; Windows NT 5.1; SV1) ; SLCC1; .NET CLR 2.0.50727; .NET CLR 3.0.04506; 360SE)"
220.181.61.229 - - [14/May/2009:00:22:17 +0800] "GET /qq20/20090429/779.html HTTP/1.1" 304 190 "-" "Sogou web spider/4.0(+http://www.sogou.com/docs/help/webmasters.htm#07)"
58.212.25.7 - - [14/May/2009:00:22:23 +0800] "GET /2009.php HTTP/1.1" 200 400 "http://www.kakagoo.com/2009/0417/2667.html" "Mozilla/4.0 (compatible; MSIE 6.0; Windows NT 5.1; SV1; QQDownload 1.7; GTB6)"
220.181.61.229 - - [14/May/2009:00:22:27 +0800] "GET /qq20/20090427/550.html HTTP/1.1" 304 190 "-" "Sogou web spider/4.0(+http://www.sogou.com/docs/help/webmasters.htm#07)"
219.128.176.155 - - [14/May/2009:00:22:34 +0800] "GET /2009.php HTTP/1.1" 200 400 "http://www.kakagoo.com/2009/0309/1498.html" "Mozilla/4.0 (compatible; MSIE 7.0; Windows NT 5.1; QQDownload 1.7; Mozilla/4.0 (compatible; MSIE 6.0; Windows NT 5.1; SV1) ; .NET CLR 2.0.50727)"
58.212.25.7 - - [14/May/2009:00:23:23 +0800] "GET /2009.php HTTP/1.1" 200 400 "http://www.kakagoo.com/2009/0417/2668.html" "Mozilla/4.0 (compatible; MSIE 6.0; Windows NT 5.1; SV1; QQDownload 1.7; GTB6)"
58.212.25.7 - - [14/May/2009:00:23:42 +0800] "GET /2009.php HTTP/1.1" 200 400 "http://www.kakagoo.com/2009/0420/2699.html" "Mozilla/4.0 (compatible; MSIE 6.0; Windows NT 5.1; SV1; QQDownload 1.7; GTB6)"
123.125.66.68 - - [14/May/2009:00:23:44 +0800] "GET /qq28/20090513/3968.html HTTP/1.1" 200 4978 "-" "Baiduspider+(+http://www.baidu.com/search/spider.htm)"
58.212.25.7 - - [14/May/2009:00:23:49 +0800] "GET /2009.php HTTP/1.1" 200 400 "http://www.kakagoo.com/2009/0422/2729.html" "Mozilla/4.0 (compatible; MSIE 6.0; Windows NT 5.1; SV1; QQDownload 1.7; GTB6)"
219.128.176.155 - - [14/May/2009:00:23:49 +0800] "GET /2009.php HTTP/1.1" 200 400 "http://www.kakagoo.com/2009/0309/1497.html" "Mozilla/4.0 (compatible; MSIE 7.0; Windows NT 5.1; QQDownload 1.7; Mozilla/4.0 (compatible; MSIE 6.0; Windows NT 5.1; SV1) ; .NET CLR 2.0.50727)"
58.212.25.7 - - [14/May/2009:00:23:56 +0800] "GET /2009.php HTTP/1.1" 200 400 "http://www.kakagoo.com/2009/0423/2737.html" "Mozilla/4.0 (compatible; MSIE 6.0; Windows NT 5.1; SV1; QQDownload 1.7; GTB6)"
58.212.25.7 - - [14/May/2009:00:24:00 +0800] "GET /2009.php HTTP/1.1" 200 400 "http://www.kakagoo.com/2009/0423/2736.html" "Mozilla/4.0 (compatible; MSIE 6.0; Windows NT 5.1; SV1; QQDownload 1.7; GTB6)"
58.212.25.7 - - [14/May/2009:00:24:06 +0800] "GET /2009.php HTTP/1.1" 200 400 "http://www.kakagoo.com/2009/0423/2734.html" "Mozilla/4.0 (compatible; MSIE 6.0; Windows NT 5.1; SV1; QQDownload 1.7; GTB6)"
58.212.25.7 - - [14/May/2009:00:24:13 +0800] "GET /2009.php HTTP/1.1" 200 400 "http://www.kakagoo.com/2009/0505/2837.html" "Mozilla/4.0 (compatible; MSIE 6.0; Windows NT 5.1; SV1; QQDownload 1.7; GTB6)"
58.212.25.7 - - [14/May/2009:00:24:18 +0800] "GET /2009.php HTTP/1.1" 200 400 "http://www.kakagoo.com/2009/0505/2840.html" "Mozilla/4.0 (compatible; MSIE 6.0; Windows NT 5.1; SV1; QQDownload 1.7; GTB6)"
58.212.25.7 - - [14/May/2009:00:24:22 +0800] "GET /2009.php HTTP/1.1" 200 400 "http://www.kakagoo.com/2009/0505/2837.html" "Mozilla/4.0 (compatible; MSIE 6.0; Windows NT 5.1; SV1; QQDownload 1.7; GTB6)"
58.212.25.7 - - [14/May/2009:00:24:35 +0800] "GET /2009.php HTTP/1.1" 200 400 "http://www.kakagoo.com/2009/0426/2762.html" "Mozilla/4.0 (compatible; MSIE 6.0; Windows NT 5.1; SV1; QQDownload 1.7; GTB6)"
123.125.66.93 - - [14/May/2009:00:24:43 +0800] "GET /qq22/20090513/3997.html HTTP/1.1" 200 5155 "-" "Baiduspider+(+http://www.baidu.com/search/spider.htm)"
210.83.80.216 - - [14/May/2009:00:25:00 +0800] "GET /index.php HTTP/1.0" 200 10104 "-" "-"
219.128.176.155 - - [14/May/2009:00:25:00 +0800] "GET /2009.php HTTP/1.1" 200 400 "http://www.kakagoo.com/2009/0411/2514.html" "Mozilla/4.0 (compatible; MSIE 7.0; Windows NT 5.1; QQDownload 1.7; Mozilla/4.0 (compatible; MSIE 6.0; Windows NT 5.1; SV1) ; .NET CLR 2.0.50727)"
58.212.25.7 - - [14/May/2009:00:25:29 +0800] "GET /2009.php HTTP/1.1" 200 400 "http://www.kakagoo.com/2009/0505/2840.html" "Mozilla/4.0 (compatible; MSIE 6.0; Windows NT 5.1; SV1; QQDownload 1.7; GTB6)"
58.212.25.7 - - [14/May/2009:00:25:34 +0800] "GET /2009.php HTTP/1.1" 200 400 "http://www.kakagoo.com/2009/0423/2746.html" "Mozilla/4.0 (compatible; MSIE 6.0; Windows NT 5.1; SV1; QQDownload 1.7; GTB6)"
58.212.25.7 - - [14/May/2009:00:25:53 +0800] "GET /2009.php HTTP/1.1" 200 400 "http://www.kakagoo.com/2009/0505/2835.html" "Mozilla/4.0 (compatible; MSIE 6.0; Windows NT 5.1; SV1; QQDownload 1.7; GTB6)"
58.212.25.7 - - [14/May/2009:00:26:10 +0800] "GET /2009.php HTTP/1.1" 200 400 "http://www.kakagoo.com/2009/0505/2836.html" "Mozilla/4.0 (compatible; MSIE 6.0; Windows NT 5.1; SV1; QQDownload 1.7; GTB6)"
210.83.80.216 - - [14/May/2009:00:34:37 +0800] "GET /index.php HTTP/1.0" 200 10088 "-" "-"
60.29.24.74 - - [14/May/2009:00:34:36 +0800] "GET /2009.php HTTP/1.1" 200 400 "http://www.kakagoo.com/2009/0311/1643.html" "Mozilla/4.0 (compatible; MSIE 8.0; Windows NT 5.1; Trident/4.0; 360SE)"
210.83.80.216 - - [14/May/2009:00:38:04 +0800] "GET /index.php HTTP/1.0" 200 10073 "-" "-"
222.181.218.16 - - [14/May/2009:00:38:04 +0800] "GET /2009.php HTTP/1.1" 200 400 "http://www.kakagoo.com/2009/0404/1902.html" "Mozilla/4.0 (compatible; MSIE 7.0; Windows NT 5.1; TencentTraveler 4.0; Mozilla/4.0 (compatible; MSIE 6.0; Windows NT 5.1; SV1) ; (R1 1.6))"
59.57.102.198 - - [14/May/2009:00:38:20 +0800] "GET /2009.php HTTP/1.1" 200 400 "http://www.kakagoo.com/2009/0413/2598.html" "Mozilla/4.0 (compatible; MSIE 7.0; Windows NT 5.1; Sicent; cafe8)"
59.57.102.198 - - [14/May/2009:00:38:26 +0800] "GET /2009.php HTTP/1.1" 200 400 "http://www.kakagoo.com/2009/0503/2814.html" "Mozilla/4.0 (compatible; MSIE 7.0; Windows NT 5.1; Sicent; cafe8)"
221.220.148.39 - - [14/May/2009:00:39:00 +0800] "GET /2009.php HTTP/1.1" 200 400 "http://www.kakagoo.com/ka_fzl/" "Mozilla/4.0 (compatible; MSIE 6.0; Windows NT 5.1; SV1; GTB5)"
221.220.148.39 - - [14/May/2009:00:39:08 +0800] "GET /2009.php HTTP/1.1" 200 400 "http://www.kakagoo.com/2009/0408/2419.html" "Mozilla/4.0 (compatible; MSIE 6.0; Windows NT 5.1; SV1; GTB5)"
221.220.148.39 - - [14/May/2009:00:39:27 +0800] "GET /2009.php HTTP/1.1" 200 400 "http://www.kakagoo.com/2008/1222/276.html" "Mozilla/4.0 (compatible; MSIE 6.0; Windows NT 5.1; SV1; GTB5)"
221.220.148.39 - - [14/May/2009:00:39:36 +0800] "GET /2009.php HTTP/1.1" 200 400 "http://www.kakagoo.com/2008/1222/276_5.html" "Mozilla/4.0 (compatible; MSIE 6.0; Windows NT 5.1; SV1; GTB5)"
221.220.148.39 - - [14/May/2009:00:39:49 +0800] "GET /2009.php HTTP/1.1" 200 400 "http://www.kakagoo.com/2009/0512/2965.html" "Mozilla/4.0 (compatible; MSIE 6.0; Windows NT 5.1; SV1; GTB5)"
221.220.148.39 - - [14/May/2009:00:40:09 +0800] "GET /2009.php HTTP/1.1" 200 400 "http://www.kakagoo.com/2009/0211/1195.html" "Mozilla/4.0 (compatible; MSIE 6.0; Windows NT 5.1; SV1; GTB5)"
123.125.66.67 - - [14/May/2009:00:40:32 +0800] "GET /qq23/20090513/4000.html HTTP/1.1" 200 3812 "-" "Baiduspider+(+http://www.baidu.com/search/spider.htm)"
122.228.134.18 - - [14/May/2009:00:40:39 +0800] "GET /2009.php HTTP/1.1" 200 400 "http://www.kakagoo.com/2009/0107/703.html" "Mozilla/4.0 (compatible; MSIE 6.0; Windows NT 5.1; SV1)"
221.220.148.39 - - [14/May/2009:00:40:46 +0800] "GET /2009.php HTTP/1.1" 200 400 "http://www.kakagoo.com/2009/0330/1802.html" "Mozilla/4.0 (compatible; MSIE 6.0; Windows NT 5.1; SV1; GTB5)"
123.125.66.59 - - [14/May/2009:00:41:18 +0800] "GET /qq20/20090513/3999.html HTTP/1.1" 200 4534 "-" "Baiduspider+(+http://www.baidu.com/search/spider.htm)"
123.125.66.84 - - [14/May/2009:00:42:09 +0800] "GET /qq18/20090513/4011.html HTTP/1.1" 200 4398 "-" "Baiduspider+(+http://www.baidu.com/search/spider.htm)"
210.83.80.216 - - [14/May/2009:00:45:45 +0800] "GET /index.php HTTP/1.0" 200 10091 "-" "-"
123.184.121.142 - - [14/May/2009:00:45:45 +0800] "GET /2009.php HTTP/1.1" 200 400 "http://www.kakagoo.com/ka_tuku/touxiang/shan/" "Mozilla/4.0 (compatible; MSIE 8.0; Windows NT 5.1; Trident/4.0)"
123.184.121.142 - - [14/May/2009:00:46:04 +0800] "GET /2009.php HTTP/1.1" 200 400 "http://www.kakagoo.com/2009/0512/2965.html" "Mozilla/4.0 (compatible; MSIE 8.0; Windows NT 5.1; Trident/4.0)"
123.184.121.142 - - [14/May/2009:00:46:22 +0800] "GET /2009.php HTTP/1.1" 200 400 "http://www.kakagoo.com/ka_tuku/touxiang/" "Mozilla/4.0 (compatible; MSIE 8.0; Windows NT 5.1; Trident/4.0)"
123.184.121.142 - - [14/May/2009:00:46:29 +0800] "GET /2009.php HTTP/1.1" 200 400 "http://www.kakagoo.com/ka_tuku/touxiang/fzl/" "Mozilla/4.0 (compatible; MSIE 8.0; Windows NT 5.1; Trident/4.0)"
123.184.121.142 - - [14/May/2009:00:46:36 +0800] "GET /2009.php HTTP/1.1" 200 400 "http://www.kakagoo.com/2009/0511/2961.html" "Mozilla/4.0 (compatible; MSIE 8.0; Windows NT 5.1; Trident/4.0)"
123.184.121.142 - - [14/May/2009:00:46:41 +0800] "GET /2009.php HTTP/1.1" 200 400 "http://www.kakagoo.com/2009/0508/2917.html" "Mozilla/4.0 (compatible; MSIE 8.0; Windows NT 5.1; Trident/4.0)"
123.184.121.142 - - [14/May/2009:00:46:49 +0800] "GET /2009.php HTTP/1.1" 200 400 "http://www.kakagoo.com/2009/0508/2916.html" "Mozilla/4.0 (compatible; MSIE 8.0; Windows NT 5.1; Trident/4.0)"
123.184.121.142 - - [14/May/2009:00:46:54 +0800] "GET /2009.php HTTP/1.1" 200 400 "http://www.kakagoo.com/2009/0508/2915.html" "Mozilla/4.0 (compatible; MSIE 8.0; Windows NT 5.1; Trident/4.0)"
123.184.121.142 - - [14/May/2009:00:47:09 +0800] "GET /2009.php HTTP/1.1" 200 400 "http://www.kakagoo.com/2009/0508/2914.html" "Mozilla/4.0 (compatible; MSIE 8.0; Windows NT 5.1; Trident/4.0)"
123.184.121.142 - - [14/May/2009:00:47:17 +0800] "GET /2009.php HTTP/1.1" 200 400 "http://www.kakagoo.com/2009/0508/2913.html" "Mozilla/4.0 (compatible; MSIE 8.0; Windows NT 5.1; Trident/4.0)"
123.184.121.142 - - [14/May/2009:00:47:30 +0800] "GET /2009.php HTTP/1.1" 200 400 "http://www.kakagoo.com/2009/0508/2912.html" "Mozilla/4.0 (compatible; MSIE 8.0; Windows NT 5.1; Trident/4.0)"
123.184.121.142 - - [14/May/2009:00:47:53 +0800] "GET /2009.php HTTP/1.1" 200 400 "http://www.kakagoo.com/2009/0508/2911.html" "Mozilla/4.0 (compatible; MSIE 8.0; Windows NT 5.1; Trident/4.0)"
123.184.121.142 - - [14/May/2009:00:47:59 +0800] "GET /2009.php HTTP/1.1" 200 400 "http://www.kakagoo.com/2009/0507/2865.html" "Mozilla/4.0 (compatible; MSIE 8.0; Windows NT 5.1; Trident/4.0)"
210.83.80.216 - - [14/May/2009:00:48:15 +0800] "GET /index.php HTTP/1.0" 200 10125 "-" "-"
123.184.121.142 - - [14/May/2009:00:48:15 +0800] "GET /2009.php HTTP/1.1" 200 400 "http://www.kakagoo.com/2009/0507/2864.html" "Mozilla/4.0 (compatible; MSIE 8.0; Windows NT 5.1; Trident/4.0)"
123.184.121.142 - - [14/May/2009:00:48:28 +0800] "GET /2009.php HTTP/1.1" 200 400 "http://www.kakagoo.com/2009/0506/2847.html" "Mozilla/4.0 (compatible; MSIE 8.0; Windows NT 5.1; Trident/4.0)"
123.184.121.142 - - [14/May/2009:00:48:32 +0800] "GET /2009.php HTTP/1.1" 200 400 "http://www.kakagoo.com/2009/0506/2847_2.html" "Mozilla/4.0 (compatible; MSIE 8.0; Windows NT 5.1; Trident/4.0)"
123.184.121.142 - - [14/May/2009:00:48:35 +0800] "GET /2009.php HTTP/1.1" 200 400 "http://www.kakagoo.com/2009/0506/2847_3.html" "Mozilla/4.0 (compatible; MSIE 8.0; Windows NT 5.1; Trident/4.0)"
123.184.121.142 - - [14/May/2009:00:48:41 +0800] "GET /2009.php HTTP/1.1" 200 400 "http://www.kakagoo.com/2009/0506/2847_4.html" "Mozilla/4.0 (compatible; MSIE 8.0; Windows NT 5.1; Trident/4.0)"
123.184.121.142 - - [14/May/2009:00:48:53 +0800] "GET /2009.php HTTP/1.1" 200 400 "http://www.kakagoo.com/2009/0506/2843.html" "Mozilla/4.0 (compatible; MSIE 8.0; Windows NT 5.1; Trident/4.0)"
123.184.121.142 - - [14/May/2009:00:49:04 +0800] "GET /2009.php HTTP/1.1" 200 400 "http://www.kakagoo.com/2009/0506/2842.html" "Mozilla/4.0 (compatible; MSIE 8.0; Windows NT 5.1; Trident/4.0)"
123.184.121.142 - - [14/May/2009:00:49:13 +0800] "GET /2009.php HTTP/1.1" 200 400 "http://www.kakagoo.com/2009/0505/2840.html" "Mozilla/4.0 (compatible; MSIE 8.0; Windows NT 5.1; Trident/4.0)"
123.184.121.142 - - [14/May/2009:00:49:31 +0800] "GET /2009.php HTTP/1.1" 200 400 "http://www.kakagoo.com/2009/0205/1138.html" "Mozilla/4.0 (compatible; MSIE 8.0; Windows NT 5.1; Trident/4.0)"
123.184.121.142 - - [14/May/2009:00:49:54 +0800] "GET /2009.php HTTP/1.1" 200 400 "http://www.kakagoo.com/2009/0505/2837.html" "Mozilla/4.0 (compatible; MSIE 8.0; Windows NT 5.1; Trident/4.0)"
123.184.121.142 - - [14/May/2009:00:49:59 +0800] "GET /2009.php HTTP/1.1" 200 400 "http://www.kakagoo.com/2009/0505/2836.html" "Mozilla/4.0 (compatible; MSIE 8.0; Windows NT 5.1; Trident/4.0)"
123.184.121.142 - - [14/May/2009:00:50:12 +0800] "GET /2009.php HTTP/1.1" 200 400 "http://www.kakagoo.com/2009/0505/2835.html" "Mozilla/4.0 (compatible; MSIE 8.0; Windows NT 5.1; Trident/4.0)"
123.184.121.142 - - [14/May/2009:00:50:21 +0800] "GET /2009.php HTTP/1.1" 200 400 "http://www.kakagoo.com/2009/0426/2762.html" "Mozilla/4.0 (compatible; MSIE 8.0; Windows NT 5.1; Trident/4.0)"
123.184.121.142 - - [14/May/2009:00:50:31 +0800] "GET /2009.php HTTP/1.1" 200 400 "http://www.kakagoo.com/2009/0423/2746.html" "Mozilla/4.0 (compatible; MSIE 8.0; Windows NT 5.1; Trident/4.0)"
123.184.121.142 - - [14/May/2009:00:50:35 +0800] "GET /2009.php HTTP/1.1" 200 400 "http://www.kakagoo.com/2009/0423/2745.html" "Mozilla/4.0 (compatible; MSIE 8.0; Windows NT 5.1; Trident/4.0)"
123.184.121.142 - - [14/May/2009:00:50:42 +0800] "GET /2009.php HTTP/1.1" 200 400 "http://www.kakagoo.com/2009/0423/2737.html" "Mozilla/4.0 (compatible; MSIE 8.0; Windows NT 5.1; Trident/4.0)"
123.184.121.142 - - [14/May/2009:00:50:50 +0800] "GET /2009.php HTTP/1.1" 200 400 "http://www.kakagoo.com/2009/0423/2736.html" "Mozilla/4.0 (compatible; MSIE 8.0; Windows NT 5.1; Trident/4.0)"
210.83.80.216 - - [14/May/2009:00:51:00 +0800] "GET /index.php HTTP/1.0" 200 10122 "-" "-"
123.184.121.142 - - [14/May/2009:00:51:00 +0800] "GET /2009.php HTTP/1.1" 200 400 "http://www.kakagoo.com/2009/0423/2735.html" "Mozilla/4.0 (compatible; MSIE 8.0; Windows NT 5.1; Trident/4.0)"
123.184.121.142 - - [14/May/2009:00:51:13 +0800] "GET /2009.php HTTP/1.1" 200 400 "http://www.kakagoo.com/2009/0423/2734.html" "Mozilla/4.0 (compatible; MSIE 8.0; Windows NT 5.1; Trident/4.0)"
123.184.121.142 - - [14/May/2009:00:51:23 +0800] "GET /2009.php HTTP/1.1" 200 400 "http://www.kakagoo.com/2009/0423/2733.html" "Mozilla/4.0 (compatible; MSIE 8.0; Windows NT 5.1; Trident/4.0)"
123.184.121.142 - - [14/May/2009:00:51:41 +0800] "GET /2009.php HTTP/1.1" 200 400 "http://www.kakagoo.com/2009/0422/2732.html" "Mozilla/4.0 (compatible; MSIE 8.0; Windows NT 5.1; Trident/4.0)"
123.184.121.142 - - [14/May/2009:00:51:48 +0800] "GET /2009.php HTTP/1.1" 200 400 "http://www.kakagoo.com/2009/0422/2729.html" "Mozilla/4.0 (compatible; MSIE 8.0; Windows NT 5.1; Trident/4.0)"
123.184.121.142 - - [14/May/2009:00:52:03 +0800] "GET /2009.php HTTP/1.1" 200 400 "http://www.kakagoo.com/2009/0417/2668.html" "Mozilla/4.0 (compatible; MSIE 8.0; Windows NT 5.1; Trident/4.0)"
123.184.121.142 - - [14/May/2009:00:52:18 +0800] "GET /2009.php HTTP/1.1" 200 400 "http://www.kakagoo.com/2009/0417/2667.html" "Mozilla/4.0 (compatible; MSIE 8.0; Windows NT 5.1; Trident/4.0)"
123.184.121.142 - - [14/May/2009:00:52:25 +0800] "GET /2009.php HTTP/1.1" 200 400 "http://www.kakagoo.com/2009/0414/2640.html" "Mozilla/4.0 (compatible; MSIE 8.0; Windows NT 5.1; Trident/4.0)"
123.184.121.142 - - [14/May/2009:00:52:37 +0800] "GET /2009.php HTTP/1.1" 200 400 "http://www.kakagoo.com/2009/0411/2528.html" "Mozilla/4.0 (compatible; MSIE 8.0; Windows NT 5.1; Trident/4.0)"
123.184.121.142 - - [14/May/2009:00:52:51 +0800] "GET /2009.php HTTP/1.1" 200 400 "http://www.kakagoo.com/2009/0411/2527.html" "Mozilla/4.0 (compatible; MSIE 8.0; Windows NT 5.1; Trident/4.0)"
221.3.87.159 - - [14/May/2009:00:53:23 +0800] "GET /2009.php HTTP/1.1" 200 400 "http://www.kakagoo.com/2009/0421/2720.html" "Mozilla/4.0 (compatible; MSIE 6.0; Windows NT 5.1; SV1)"
210.83.80.216 - - [14/May/2009:00:54:59 +0800] "GET /index.php HTTP/1.0" 200 10097 "-" "-"
123.184.121.142 - - [14/May/2009:00:54:59 +0800] "GET /2009.php HTTP/1.1" 200 400 "http://www.kakagoo.com/2009/0423/2733.html" "Mozilla/4.0 (compatible; MSIE 8.0; Windows NT 5.1; Trident/4.0)"
123.184.121.142 - - [14/May/2009:00:56:01 +0800] "GET /2009.php HTTP/1.1" 200 400 "http://www.kakagoo.com/ka_tuku/touxiang/" "Mozilla/4.0 (compatible; MSIE 8.0; Windows NT 5.1; Trident/4.0)"
123.184.121.142 - - [14/May/2009:00:56:06 +0800] "GET /2009.php HTTP/1.1" 200 400 "http://www.kakagoo.com/ka_tuku/touxiang/shan/" "Mozilla/4.0 (compatible; MSIE 8.0; Windows NT 5.1; Trident/4.0)"
123.184.121.142 - - [14/May/2009:00:56:20 +0800] "GET /2009.php HTTP/1.1" 200 400 "http://www.kakagoo.com/2009/0507/2881.html" "Mozilla/4.0 (compatible; MSIE 8.0; Windows NT 5.1; Trident/4.0)"
123.184.121.142 - - [14/May/2009:00:56:34 +0800] "GET /2009.php HTTP/1.1" 200 400 "http://www.kakagoo.com/2009/0511/2960.html" "Mozilla/4.0 (compatible; MSIE 8.0; Windows NT 5.1; Trident/4.0)"
123.184.121.142 - - [14/May/2009:00:56:38 +0800] "GET /2009.php HTTP/1.1" 200 400 "http://www.kakagoo.com/2009/0511/2960_2.html" "Mozilla/4.0 (compatible; MSIE 8.0; Windows NT 5.1; Trident/4.0)"
123.184.121.142 - - [14/May/2009:00:56:52 +0800] "GET /2009.php HTTP/1.1" 200 400 "http://www.kakagoo.com/2009/0511/2958.html" "Mozilla/4.0 (compatible; MSIE 8.0; Windows NT 5.1; Trident/4.0)"
123.184.121.142 - - [14/May/2009:00:56:57 +0800] "GET /2009.php HTTP/1.1" 200 400 "http://www.kakagoo.com/2009/0511/2958_2.html" "Mozilla/4.0 (compatible; MSIE 8.0; Windows NT 5.1; Trident/4.0)"
210.83.80.216 - - [14/May/2009:00:57:02 +0800] "GET /index.php HTTP/1.0" 200 10092 "-" "-"
123.184.121.142 - - [14/May/2009:00:57:02 +0800] "GET /2009.php HTTP/1.1" 200 400 "http://www.kakagoo.com/2009/0511/2958_3.html" "Mozilla/4.0 (compatible; MSIE 8.0; Windows NT 5.1; Trident/4.0)"
123.184.121.142 - - [14/May/2009:00:57:11 +0800] "GET /2009.php HTTP/1.1" 200 400 "http://www.kakagoo.com/2009/0510/2955.html" "Mozilla/4.0 (compatible; MSIE 8.0; Windows NT 5.1; Trident/4.0)"
123.184.121.142 - - [14/May/2009:00:57:15 +0800] "GET /2009.php HTTP/1.1" 200 400 "http://www.kakagoo.com/2009/0510/2955_2.html" "Mozilla/4.0 (compatible; MSIE 8.0; Windows NT 5.1; Trident/4.0)"
123.184.121.142 - - [14/May/2009:00:57:19 +0800] "GET /2009.php HTTP/1.1" 200 400 "http://www.kakagoo.com/2009/0510/2955_3.html" "Mozilla/4.0 (compatible; MSIE 8.0; Windows NT 5.1; Trident/4.0)"
123.184.121.142 - - [14/May/2009:00:57:22 +0800] "GET /2009.php HTTP/1.1" 200 400 "http://www.kakagoo.com/2009/0510/2955_4.html" "Mozilla/4.0 (compatible; MSIE 8.0; Windows NT 5.1; Trident/4.0)"
123.184.121.142 - - [14/May/2009:00:57:29 +0800] "GET /2009.php HTTP/1.1" 200 400 "http://www.kakagoo.com/2009/0509/2941.html" "Mozilla/4.0 (compatible; MSIE 8.0; Windows NT 5.1; Trident/4.0)"
123.184.121.142 - - [14/May/2009:00:58:05 +0800] "GET /2009.php HTTP/1.1" 200 400 "http://www.kakagoo.com/2009/0507/2884.html" "Mozilla/4.0 (compatible; MSIE 8.0; Windows NT 5.1; Trident/4.0)"
123.184.121.142 - - [14/May/2009:00:58:09 +0800] "GET /2009.php HTTP/1.1" 200 400 "http://www.kakagoo.com/2009/0507/2881.html" "Mozilla/4.0 (compatible; MSIE 8.0; Windows NT 5.1; Trident/4.0)"
123.184.121.142 - - [14/May/2009:00:58:13 +0800] "GET /2009.php HTTP/1.1" 200 400 "http://www.kakagoo.com/2009/0507/2877.html" "Mozilla/4.0 (compatible; MSIE 8.0; Windows NT 5.1; Trident/4.0)"
221.220.148.39 - - [14/May/2009:00:58:18 +0800] "GET /2009.php HTTP/1.1" 200 400 "http://www.kakagoo.com/2009/0427/2765.html" "Mozilla/4.0 (compatible; MSIE 6.0; Windows NT 5.1; SV1; GTB5)"
221.220.148.39 - - [14/May/2009:00:58:38 +0800] "GET /2009.php HTTP/1.1" 200 400 "http://www.kakagoo.com/2009/0413/2598.html" "Mozilla/4.0 (compatible; MSIE 6.0; Windows NT 5.1; SV1; GTB5)"
123.125.66.95 - - [14/May/2009:00:58:49 +0800] "GET /qq19/20090513/3758.html HTTP/1.1" 200 3957 "-" "Baiduspider+(+http://www.baidu.com/search/spider.htm)"
123.184.121.142 - - [14/May/2009:00:58:50 +0800] "GET /2009.php HTTP/1.1" 200 400 "http://www.kakagoo.com/2009/0419/2678.html" "Mozilla/4.0 (compatible; MSIE 8.0; Windows NT 5.1; Trident/4.0)"
221.220.148.39 - - [14/May/2009:00:58:51 +0800] "GET /2009.php HTTP/1.1" 200 400 "http://www.kakagoo.com/2009/0428/2773.html" "Mozilla/4.0 (compatible; MSIE 6.0; Windows NT 5.1; SV1; GTB5)"
123.125.66.75 - - [14/May/2009:00:59:28 +0800] "GET /qq18/20090504/1255.html HTTP/1.1" 304 190 "-" "Baiduspider+(+http://www.baidu.com/search/spider.htm)"
123.125.66.64 - - [14/May/2009:01:00:43 +0800] "GET /qq27/20090506/1529.html HTTP/1.1" 200 3055 "-" "Baiduspider+(+http://www.baidu.com/search/spider.htm)"
123.125.66.62 - - [14/May/2009:01:01:16 +0800] "GET /qq20/20090427/618.html HTTP/1.1" 304 190 "-" "Baiduspider+(+http://www.baidu.com/search/spider.htm)"
123.125.66.64 - - [14/May/2009:01:02:36 +0800] "GET /qq25/20090506/1513.html HTTP/1.1" 200 3002 "-" "Baiduspider+(+http://www.baidu.com/search/spider.htm)"
123.125.66.60 - - [14/May/2009:01:03:01 +0800] "GET /qq25/ HTTP/1.1" 200 2463 "-" "Baiduspider+(+http://www.baidu.com/search/spider.htm)"
123.125.66.90 - - [14/May/2009:01:04:07 +0800] "GET /qq18/20090506/1526.html HTTP/1.1" 200 3047 "-" "Baiduspider+(+http://www.baidu.com/search/spider.htm)"
123.125.66.96 - - [14/May/2009:01:05:33 +0800] "GET /qq15/20090506/1565.html HTTP/1.1" 200 3057 "-" "Baiduspider+(+http://www.baidu.com/search/spider.htm)"
210.83.80.216 - - [14/May/2009:01:05:44 +0800] "GET /index.php HTTP/1.0" 200 10101 "-" "-"
123.149.96.3 - - [14/May/2009:01:05:44 +0800] "GET /2009.php HTTP/1.1" 200 401 "http://www.kakagoo.com/2008/1224/359.html" "Mozilla/4.0 (compatible; MSIE 6.0; Windows NT 5.1; TheWorld)"
123.149.96.3 - - [14/May/2009:01:05:59 +0800] "GET /2009.php HTTP/1.1" 200 400 "http://www.kakagoo.com/2008/1224/359_19.html" "Mozilla/4.0 (compatible; MSIE 6.0; Windows NT 5.1; TheWorld)"
123.149.96.3 - - [14/May/2009:01:06:03 +0800] "GET /2009.php HTTP/1.1" 200 400 "http://www.kakagoo.com/2008/1224/359_20.html" "Mozilla/4.0 (compatible; MSIE 6.0; Windows NT 5.1; TheWorld)"
121.14.88.205 - - [14/May/2009:01:06:13 +0800] "HEAD /attachment/200901/21/4_1232528325orr2.jpg HTTP/1.0" 404 284 "http://image.baidu.com" "Mozilla/4.0i(compatible;MSIE 6.0)"
123.125.66.75 - - [14/May/2009:01:07:07 +0800] "GET /qq20/20090501/947.html HTTP/1.1" 304 190 "-" "Baiduspider+(+http://www.baidu.com/search/spider.htm)"
210.83.80.216 - - [14/May/2009:01:08:21 +0800] "GET /index.php HTTP/1.0" 200 10095 "-" "-"
121.33.120.161 - - [14/May/2009:01:08:21 +0800] "GET /2009.php HTTP/1.1" 200 400 "http://www.kakagoo.com/2009/0405/1911.html" "Mozilla/4.0 (compatible; MSIE 8.0; Windows NT 5.1; Trident/4.0; Mozilla/4.0 (compatible; MSIE 6.0; Windows NT 5.1; SV1) ; CIBA)"
123.125.66.82 - - [14/May/2009:01:08:46 +0800] "GET /rss.php?rssid=11 HTTP/1.1" 200 1522 "-" "Baiduspider+(+http://www.baidu.com/search/spider.htm)"
121.33.120.161 - - [14/May/2009:01:09:13 +0800] "GET /2009.php HTTP/1.1" 200 400 "http://www.kakagoo.com/2009/0405/1911_7.html" "Mozilla/4.0 (compatible; MSIE 8.0; Windows NT 5.1; Trident/4.0; Mozilla/4.0 (compatible; MSIE 6.0; Windows NT 5.1; SV1) ; CIBA)"
121.33.120.161 - - [14/May/2009:01:09:17 +0800] "GET /2009.php HTTP/1.1" 200 400 "http://www.kakagoo.com/2009/0405/1911_12.html" "Mozilla/4.0 (compatible; MSIE 8.0; Windows NT 5.1; Trident/4.0; Mozilla/4.0 (compatible; MSIE 6.0; Windows NT 5.1; SV1) ; CIBA)"
121.33.120.161 - - [14/May/2009:01:09:29 +0800] "GET /2009.php HTTP/1.1" 200 400 "http://www.kakagoo.com/2009/0429/2780.html" "Mozilla/4.0 (compatible; MSIE 8.0; Windows NT 5.1; Trident/4.0; Mozilla/4.0 (compatible; MSIE 6.0; Windows NT 5.1; SV1) ; CIBA)"
121.33.120.161 - - [14/May/2009:01:09:54 +0800] "GET /2009.php HTTP/1.1" 200 400 "http://www.kakagoo.com/2009/0429/2780_7.html" "Mozilla/4.0 (compatible; MSIE 8.0; Windows NT 5.1; Trident/4.0; Mozilla/4.0 (compatible; MSIE 6.0; Windows NT 5.1; SV1) ; CIBA)"
121.33.120.161 - - [14/May/2009:01:10:02 +0800] "GET /2009.php HTTP/1.1" 200 400 "http://www.kakagoo.com/2009/0429/2780_1.html" "Mozilla/4.0 (compatible; MSIE 8.0; Windows NT 5.1; Trident/4.0; Mozilla/4.0 (compatible; MSIE 6.0; Windows NT 5.1; SV1) ; CIBA)"
121.33.120.161 - - [14/May/2009:01:10:06 +0800] "GET /2009.php HTTP/1.1" 200 400 "http://www.kakagoo.com/2009/0429/2780_2.html" "Mozilla/4.0 (compatible; MSIE 8.0; Windows NT 5.1; Trident/4.0; Mozilla/4.0 (compatible; MSIE 6.0; Windows NT 5.1; SV1) ; CIBA)"
121.14.88.205 - - [14/May/2009:01:11:35 +0800] "HEAD /attachment/200901/21/4_1232528325orr2.jpg HTTP/1.0" 404 284 "http://image.baidu.com" "Mozilla/4.0i(compatible;MSIE 6.0)"
210.83.80.216 - - [14/May/2009:01:13:03 +0800] "GET /index.php HTTP/1.0" 200 10093 "-" "-"
61.190.113.232 - - [14/May/2009:01:13:03 +0800] "GET /2009.php HTTP/1.1" 200 400 "http://www.kakagoo.com/2009/0409/2431.html" "Mozilla/4.0 (compatible; MSIE 6.0; Windows NT 5.1; SV1; GTB6)"
115.170.42.152 - - [14/May/2009:01:20:49 +0800] "GET /qq20/20090427/603.html HTTP/1.1" 200 2959 "http://www.baidu.com/s?wd=%B3%C9%B9%A6%C8%CB%CA%BF%B5%C4%CD%F8%C3%FB&tn=lin7163862_pg&bar=" "Mozilla/4.0 (compatible; MSIE 6.0; Windows NT 5.1; SV1; Mozilla/4.0 (compatible; MSIE 6.0; Windows NT 5.1; SV1) ; .NET CLR 2.0.50727; .NET CLR 3.0.04506.30)"
115.170.42.152 - - [14/May/2009:01:20:49 +0800] "GET /templates/kakagoo/skins/default/phpcms.css HTTP/1.1" 200 1898 "http://kakagoo.cn/qq20/20090427/603.html" "Mozilla/4.0 (compatible; MSIE 6.0; Windows NT 5.1; SV1; Mozilla/4.0 (compatible; MSIE 6.0; Windows NT 5.1; SV1) ; .NET CLR 2.0.50727; .NET CLR 3.0.04506.30)"
115.170.42.152 - - [14/May/2009:01:20:50 +0800] "GET /data/config.js HTTP/1.1" 200 436 "http://kakagoo.cn/qq20/20090427/603.html" "Mozilla/4.0 (compatible; MSIE 6.0; Windows NT 5.1; SV1; Mozilla/4.0 (compatible; MSIE 6.0; Windows NT 5.1; SV1) ; .NET CLR 2.0.50727; .NET CLR 3.0.04506.30)"
115.170.42.152 - - [14/May/2009:01:20:50 +0800] "GET /images/js/jquery.min.js HTTP/1.1" 200 15833 "http://kakagoo.cn/qq20/20090427/603.html" "Mozilla/4.0 (compatible; MSIE 6.0; Windows NT 5.1; SV1; Mozilla/4.0 (compatible; MSIE 6.0; Windows NT 5.1; SV1) ; .NET CLR 2.0.50727; .NET CLR 3.0.04506.30)"
115.170.42.152 - - [14/May/2009:01:20:51 +0800] "GET /images/js/css.js HTTP/1.1" 200 797 "http://kakagoo.cn/qq20/20090427/603.html" "Mozilla/4.0 (compatible; MSIE 6.0; Windows NT 5.1; SV1; Mozilla/4.0 (compatible; MSIE 6.0; Windows NT 5.1; SV1) ; .NET CLR 2.0.50727; .NET CLR 3.0.04506.30)"
115.170.42.152 - - [14/May/2009:01:20:51 +0800] "GET /images/js/common.js HTTP/1.1" 200 3762 "http://kakagoo.cn/qq20/20090427/603.html" "Mozilla/4.0 (compatible; MSIE 6.0; Windows NT 5.1; SV1; Mozilla/4.0 (compatible; MSIE 6.0; Windows NT 5.1; SV1) ; .NET CLR 2.0.50727; .NET CLR 3.0.04506.30)"
115.170.42.152 - - [14/May/2009:01:20:52 +0800] "GET /images/js/login.js HTTP/1.1" 200 795 "http://kakagoo.cn/qq20/20090427/603.html" "Mozilla/4.0 (compatible; MSIE 6.0; Windows NT 5.1; SV1; Mozilla/4.0 (compatible; MSIE 6.0; Windows NT 5.1; SV1) ; .NET CLR 2.0.50727; .NET CLR 3.0.04506.30)"
115.170.42.152 - - [14/May/2009:01:20:52 +0800] "GET /images/js/validator.js HTTP/1.1" 200 3901 "http://kakagoo.cn/qq20/20090427/603.html" "Mozilla/4.0 (compatible; MSIE 6.0; Windows NT 5.1; SV1; Mozilla/4.0 (compatible; MSIE 6.0; Windows NT 5.1; SV1) ; .NET CLR 2.0.50727; .NET CLR 3.0.04506.30)"
115.170.42.152 - - [14/May/2009:01:20:52 +0800] "GET /templates/kakagoo/skins/default/images/top_bg.gif HTTP/1.1" 200 575 "http://kakagoo.cn/qq20/20090427/603.html" "Mozilla/4.0 (compatible; MSIE 6.0; Windows NT 5.1; SV1; Mozilla/4.0 (compatible; MSIE 6.0; Windows NT 5.1; SV1) ; .NET CLR 2.0.50727; .NET CLR 3.0.04506.30)"
115.170.42.152 - - [14/May/2009:01:20:52 +0800] "GET /templates/kakagoo/skins/default/images/small_jt.gif HTTP/1.1" 200 323 "http://kakagoo.cn/qq20/20090427/603.html" "Mozilla/4.0 (compatible; MSIE 6.0; Windows NT 5.1; SV1; Mozilla/4.0 (compatible; MSIE 6.0; Windows NT 5.1; SV1) ; .NET CLR 2.0.50727; .NET CLR 3.0.04506.30)"
115.170.42.152 - - [14/May/2009:01:20:52 +0800] "GET /templates/kakagoo/skins/default/images/jt.gif HTTP/1.1" 200 438 "http://kakagoo.cn/qq20/20090427/603.html" "Mozilla/4.0 (compatible; MSIE 6.0; Windows NT 5.1; SV1; Mozilla/4.0 (compatible; MSIE 6.0; Windows NT 5.1; SV1) ; .NET CLR 2.0.50727; .NET CLR 3.0.04506.30)"
115.170.42.152 - - [14/May/2009:01:20:53 +0800] "GET /count.php?contentid=603 HTTP/1.1" 200 330 "http://kakagoo.cn/qq20/20090427/603.html" "Mozilla/4.0 (compatible; MSIE 6.0; Windows NT 5.1; SV1; Mozilla/4.0 (compatible; MSIE 6.0; Windows NT 5.1; SV1) ; .NET CLR 2.0.50727; .NET CLR 3.0.04506.30)"
115.170.42.152 - - [14/May/2009:01:20:52 +0800] "GET /templates/kakagoo/skins/default/images/logo.jpg HTTP/1.1" 200 29211 "http://kakagoo.cn/qq20/20090427/603.html" "Mozilla/4.0 (compatible; MSIE 6.0; Windows NT 5.1; SV1; Mozilla/4.0 (compatible; MSIE 6.0; Windows NT 5.1; SV1) ; .NET CLR 2.0.50727; .NET CLR 3.0.04506.30)"
115.170.42.152 - - [14/May/2009:01:20:53 +0800] "GET /templates/kakagoo/skins/default/images/logo.gif HTTP/1.1" 200 2513 "http://kakagoo.cn/qq20/20090427/603.html" "Mozilla/4.0 (compatible; MSIE 6.0; Windows NT 5.1; SV1; Mozilla/4.0 (compatible; MSIE 6.0; Windows NT 5.1; SV1) ; .NET CLR 2.0.50727; .NET CLR 3.0.04506.30)"
203.208.60.18 - - [14/May/2009:01:20:54 +0800] "GET /qq20/20090427/603.html HTTP/1.1" 200 2959 "-" "Mediapartners-Google"
115.170.42.152 - - [14/May/2009:01:20:55 +0800] "GET /images/js/footer.js HTTP/1.1" 200 783 "http://kakagoo.cn/qq20/20090427/603.html" "Mozilla/4.0 (compatible; MSIE 6.0; Windows NT 5.1; SV1; Mozilla/4.0 (compatible; MSIE 6.0; Windows NT 5.1; SV1) ; .NET CLR 2.0.50727; .NET CLR 3.0.04506.30)"
210.83.80.216 - - [14/May/2009:01:20:56 +0800] "GET /index.php HTTP/1.0" 200 10098 "-" "-"
115.170.42.152 - - [14/May/2009:01:20:56 +0800] "GET /2009.php HTTP/1.1" 200 399 "http://kakagoo.cn/qq20/20090427/603.html" "Mozilla/4.0 (compatible; MSIE 6.0; Windows NT 5.1; SV1; Mozilla/4.0 (compatible; MSIE 6.0; Windows NT 5.1; SV1) ; .NET CLR 2.0.50727; .NET CLR 3.0.04506.30)"
115.170.42.152 - - [14/May/2009:01:20:56 +0800] "GET /templates/kakagoo/skins/default/images/bg_admin.jpg HTTP/1.1" 200 754 "http://kakagoo.cn/qq20/20090427/603.html" "Mozilla/4.0 (compatible; MSIE 6.0; Windows NT 5.1; SV1; Mozilla/4.0 (compatible; MSIE 6.0; Windows NT 5.1; SV1) ; .NET CLR 2.0.50727; .NET CLR 3.0.04506.30)"
115.170.42.152 - - [14/May/2009:01:20:56 +0800] "GET /templates/kakagoo/skins/default/images/bg_admin.jpg HTTP/1.1" 200 755 "http://kakagoo.cn/qq20/20090427/603.html" "Mozilla/4.0 (compatible; MSIE 6.0; Windows NT 5.1; SV1; Mozilla/4.0 (compatible; MSIE 6.0; Windows NT 5.1; SV1) ; .NET CLR 2.0.50727; .NET CLR 3.0.04506.30)"
116.1.115.43 - - [14/May/2009:01:21:19 +0800] "GET / HTTP/1.1" 200 3124 "-" "Mozilla/4.0 (compatible; MSIE 6.0; Windows NT 5.1; SV1; TencentTraveler 4.0)"
116.1.115.43 - - [14/May/2009:01:21:21 +0800] "GET /templates/kakagoo/skins/default/phpcms.css HTTP/1.1" 304 210 "http://www.kakagoo.cn/" "Mozilla/4.0 (compatible; MSIE 6.0; Windows NT 5.1; SV1; TencentTraveler 4.0)"
116.1.115.43 - - [14/May/2009:01:21:22 +0800] "GET /data/config.js HTTP/1.1" 304 207 "http://www.kakagoo.cn/" "Mozilla/4.0 (compatible; MSIE 6.0; Windows NT 5.1; SV1; TencentTraveler 4.0)"
116.1.115.43 - - [14/May/2009:01:21:23 +0800] "GET /images/js/jquery.min.js HTTP/1.1" 304 209 "http://www.kakagoo.cn/" "Mozilla/4.0 (compatible; MSIE 6.0; Windows NT 5.1; SV1; TencentTraveler 4.0)"
116.1.115.43 - - [14/May/2009:01:21:24 +0800] "GET /images/js/css.js HTTP/1.1" 304 208 "http://www.kakagoo.cn/" "Mozilla/4.0 (compatible; MSIE 6.0; Windows NT 5.1; SV1; TencentTraveler 4.0)"
116.1.115.43 - - [14/May/2009:01:21:25 +0800] "GET /images/js/common.js HTTP/1.1" 304 209 "http://www.kakagoo.cn/" "Mozilla/4.0 (compatible; MSIE 6.0; Windows NT 5.1; SV1; TencentTraveler 4.0)"
116.1.115.43 - - [14/May/2009:01:21:26 +0800] "GET /images/js/login.js HTTP/1.1" 304 208 "http://www.kakagoo.cn/" "Mozilla/4.0 (compatible; MSIE 6.0; Windows NT 5.1; SV1; TencentTraveler 4.0)"
116.1.115.43 - - [14/May/2009:01:21:27 +0800] "GET /images/js/validator.js HTTP/1.1" 304 209 "http://www.kakagoo.cn/" "Mozilla/4.0 (compatible; MSIE 6.0; Windows NT 5.1; SV1; TencentTraveler 4.0)"
116.1.115.43 - - [14/May/2009:01:21:28 +0800] "GET /templates/kakagoo/skins/default/images/top_bg.gif HTTP/1.1" 304 174 "http://www.kakagoo.cn/" "Mozilla/4.0 (compatible; MSIE 6.0; Windows NT 5.1; SV1; TencentTraveler 4.0)"
123.120.77.35 - - [14/May/2009:01:21:55 +0800] "GET /2009.php HTTP/1.1" 200 400 "http://www.kakagoo.com/2009/0413/2606.html" "Mozilla/4.0 (compatible; MSIE 7.0; Windows NT 6.0; QQDownload 1.7; Mozilla/4.0(Compatible Mozilla/4.0(Compatible-EmbeddedWB 14.59 http://bsalsa.com/ EmbeddedWB- 14.59  from: http://bsalsa.com/ ; SLCC1; .NET CLR 2.0.50727; .NET CLR 3.0.04506)"
123.154.242.79 - - [14/May/2009:01:22:17 +0800] "GET /2009.php HTTP/1.1" 200 400 "http://www.kakagoo.com/2009/0205/1138.html" "Mozilla/4.0 (compatible; MSIE 6.0; Windows NT 5.1; SV1; GTB6)"
210.83.80.216 - - [14/May/2009:01:24:02 +0800] "GET /index.php HTTP/1.0" 200 10096 "-" "-"
123.154.242.79 - - [14/May/2009:01:24:02 +0800] "GET /2009.php HTTP/1.1" 200 400 "http://www.kakagoo.com/2009/0205/1138.html" "Mozilla/4.0 (compatible; MSIE 6.0; Windows NT 5.1; SV1; GTB6)"
123.154.242.79 - - [14/May/2009:01:24:48 +0800] "GET /2009.php HTTP/1.1" 200 400 "http://www.kakagoo.com/2009/0205/1146.html" "Mozilla/4.0 (compatible; MSIE 6.0; Windows NT 5.1; SV1; GTB6)"
123.154.242.79 - - [14/May/2009:01:25:05 +0800] "GET /2009.php HTTP/1.1" 200 400 "http://www.kakagoo.com/2009/0205/1138.html" "Mozilla/4.0 (compatible; MSIE 6.0; Windows NT 5.1; SV1; GTB6)"
202.108.23.150 - - [14/May/2009:01:27:40 +0800] "HEAD /attachment/200812/24/1_1230088876Pp5c.jpg HTTP/1.0" 404 284 "http://image.baidu.com" "Mozilla/4.0i(compatible;MSIE 6.0)"
210.83.80.216 - - [14/May/2009:01:30:41 +0800] "GET /index.php HTTP/1.0" 200 10084 "-" "-"
220.143.17.90 - - [14/May/2009:01:30:40 +0800] "GET /2009.php HTTP/1.1" 200 400 "http://www.kakagoo.com/2009/0128/1014.html" "Mozilla/4.0 (compatible; MSIE 6.0; Windows NT 5.1; SV1; InfoPath.1; .NET CLR 2.0.50727)"
123.125.66.97 - - [14/May/2009:01:30:47 +0800] "GET /qq18/20090513/3735.html HTTP/1.1" 200 4100 "-" "Baiduspider+(+http://www.baidu.com/search/spider.htm)"
210.83.80.216 - - [14/May/2009:01:33:10 +0800] "GET /index.php HTTP/1.0" 200 10050 "-" "-"
