123.154.242.79 - - [14/May/2009:01:33:10 +0800] "GET /2009.php HTTP/1.1" 200 400 "http://www.kakagoo.com/2009/0205/1138.html" "Mozilla/4.0 (compatible; MSIE 6.0; Windows NT 5.1; SV1; GTB6)"
121.8.69.118 - - [14/May/2009:01:33:13 +0800] "GET /2009.php HTTP/1.1" 200 400 "http://www.kakagoo.com/2009/0329/1794.html" "Mozilla/4.0 (compatible; MSIE 6.0; Windows NT 5.1; SV1; cafe8; icafe8)"
121.8.69.118 - - [14/May/2009:01:33:40 +0800] "GET /2009.php HTTP/1.1" 200 400 "http://www.kakagoo.com/2009/0505/2839.html" "Mozilla/4.0 (compatible; MSIE 6.0; Windows NT 5.1; SV1; cafe8; icafe8)"
121.8.69.118 - - [14/May/2009:01:33:48 +0800] "GET /2009.php HTTP/1.1" 200 400 "http://www.kakagoo.com/2009/0505/2838.html" "Mozilla/4.0 (compatible; MSIE 6.0; Windows NT 5.1; SV1; cafe8; icafe8)"
116.244.47.167 - - [14/May/2009:01:33:57 +0800] "GET /2009.php HTTP/1.1" 200 400 "http://www.kakagoo.com/2009/0429/2785.html" "Mozilla/4.0 (compatible; MSIE 6.0; Windows NT 5.1; SV1; 360SE)"
121.8.69.118 - - [14/May/2009:01:33:58 +0800] "GET /2009.php HTTP/1.1" 200 400 "http://www.kakagoo.com/2009/0501/2806.html" "Mozilla/4.0 (compatible; MSIE 6.0; Windows NT 5.1; SV1; cafe8; icafe8)"
121.8.69.118 - - [14/May/2009:01:34:03 +0800] "GET /2009.php HTTP/1.1" 200 400 "http://www.kakagoo.com/2009/0501/2805.html" "Mozilla/4.0 (compatible; MSIE 6.0; Windows NT 5.1; SV1; cafe8; icafe8)"
121.8.69.118 - - [14/May/2009:01:34:10 +0800] "GET /2009.php HTTP/1.1" 200 400 "http://www.kakagoo.com/2009/0501/2804.html" "Mozilla/4.0 (compatible; MSIE 6.0; Windows NT 5.1; SV1; cafe8; icafe8)"
121.8.69.118 - - [14/May/2009:01:34:21 +0800] "GET /2009.php HTTP/1.1" 200 400 "http://www.kakagoo.com/2009/0501/2803.html" "Mozilla/4.0 (compatible; MSIE 6.0; Windows NT 5.1; SV1; cafe8; icafe8)"
121.8.69.118 - - [14/May/2009:01:34:30 +0800] "GET /2009.php HTTP/1.1" 200 400 "http://www.kakagoo.com/2009/0501/2802.html" "Mozilla/4.0 (compatible; MSIE 6.0; Windows NT 5.1; SV1; cafe8; icafe8)"
116.244.47.167 - - [14/May/2009:01:35:01 +0800] "GET /2009.php HTTP/1.1" 200 400 "http://www.kakagoo.com/2009/0407/2415.html" "Mozilla/4.0 (compatible; MSIE 6.0; Windows NT 5.1; SV1; 360SE)"
121.8.69.118 - - [14/May/2009:01:35:09 +0800] "GET /2009.php HTTP/1.1" 200 400 "http://www.kakagoo.com/2009/0501/2801.html" "Mozilla/4.0 (compatible; MSIE 6.0; Windows NT 5.1; SV1; cafe8; icafe8)"
121.8.69.118 - - [14/May/2009:01:35:19 +0800] "GET /2009.php HTTP/1.1" 200 400 "http://www.kakagoo.com/2009/0429/2793.html" "Mozilla/4.0 (compatible; MSIE 6.0; Windows NT 5.1; SV1; cafe8; icafe8)"
121.8.69.118 - - [14/May/2009:01:35:28 +0800] "GET /2009.php HTTP/1.1" 200 400 "http://www.kakagoo.com/2009/0429/2788.html" "Mozilla/4.0 (compatible; MSIE 6.0; Windows NT 5.1; SV1; cafe8; icafe8)"
60.215.245.76 - - [14/May/2009:01:35:28 +0800] "GET /2009.php HTTP/1.1" 200 400 "http://www.kakagoo.com/2008/1228/484.html" "Mozilla/4.0 (compatible; MSIE 6.0; Windows NT 5.1; SV1)"
121.8.69.118 - - [14/May/2009:01:35:39 +0800] "GET /2009.php HTTP/1.1" 200 400 "http://www.kakagoo.com/2009/0429/2785.html" "Mozilla/4.0 (compatible; MSIE 6.0; Windows NT 5.1; SV1; cafe8; icafe8)"
121.8.69.118 - - [14/May/2009:01:35:45 +0800] "GET /2009.php HTTP/1.1" 200 400 "http://www.kakagoo.com/2009/0429/2784.html" "Mozilla/4.0 (compatible; MSIE 6.0; Windows NT 5.1; SV1; cafe8; icafe8)"
121.8.69.118 - - [14/May/2009:01:35:55 +0800] "GET /2009.php HTTP/1.1" 200 400 "http://www.kakagoo.com/2009/0429/2783.html" "Mozilla/4.0 (compatible; MSIE 6.0; Windows NT 5.1; SV1; cafe8; icafe8)"
210.83.80.216 - - [14/May/2009:01:36:01 +0800] "GET /index.php HTTP/1.0" 200 10006 "-" "-"
121.8.69.118 - - [14/May/2009:01:36:01 +0800] "GET /2009.php HTTP/1.1" 200 400 "http://www.kakagoo.com/2009/0429/2782.html" "Mozilla/4.0 (compatible; MSIE 6.0; Windows NT 5.1; SV1; cafe8; icafe8)"
121.8.69.118 - - [14/May/2009:01:36:08 +0800] "GET /2009.php HTTP/1.1" 200 400 "http://www.kakagoo.com/2009/0429/2781.html" "Mozilla/4.0 (compatible; MSIE 6.0; Windows NT 5.1; SV1; cafe8; icafe8)"
121.8.69.118 - - [14/May/2009:01:36:18 +0800] "GET /2009.php HTTP/1.1" 200 400 "http://www.kakagoo.com/2009/0427/2769.html" "Mozilla/4.0 (compatible; MSIE 6.0; Windows NT 5.1; SV1; cafe8; icafe8)"
121.8.69.118 - - [14/May/2009:01:36:26 +0800] "GET /2009.php HTTP/1.1" 200 400 "http://www.kakagoo.com/2009/0423/2744.html" "Mozilla/4.0 (compatible; MSIE 6.0; Windows NT 5.1; SV1; cafe8; icafe8)"
121.8.69.118 - - [14/May/2009:01:37:21 +0800] "GET /2009.php HTTP/1.1" 200 400 "http://www.kakagoo.com/2009/0420/2697.html" "Mozilla/4.0 (compatible; MSIE 6.0; Windows NT 5.1; SV1; cafe8; icafe8)"
202.108.23.150 - - [14/May/2009:01:38:39 +0800] "HEAD /attachment/200812/24/1_1230088876Pp5c.jpg HTTP/1.0" 404 284 "http://image.baidu.com" "Mozilla/4.0i(compatible;MSIE 6.0)"
210.83.80.216 - - [14/May/2009:01:39:05 +0800] "GET /index.php HTTP/1.0" 200 9975 "-" "-"
116.244.47.167 - - [14/May/2009:01:39:05 +0800] "GET /2009.php HTTP/1.1" 200 400 "http://www.kakagoo.com/2009/0429/2782.html" "Mozilla/4.0 (compatible; MSIE 6.0; Windows NT 5.1; SV1; 360SE)"
116.1.115.43 - - [14/May/2009:01:40:14 +0800] "GET / HTTP/1.1" 200 3018 "-" "Mozilla/4.0 (compatible; MSIE 6.0; Windows NT 5.1; SV1)"
116.1.115.43 - - [14/May/2009:01:40:15 +0800] "GET /templates/kakagoo/skins/default/phpcms.css HTTP/1.1" 304 210 "http://www.kakagoo.cn/" "Mozilla/4.0 (compatible; MSIE 6.0; Windows NT 5.1; SV1)"
116.1.115.43 - - [14/May/2009:01:40:15 +0800] "GET /data/config.js HTTP/1.1" 304 207 "http://www.kakagoo.cn/" "Mozilla/4.0 (compatible; MSIE 6.0; Windows NT 5.1; SV1)"
116.1.115.43 - - [14/May/2009:01:40:15 +0800] "GET /images/js/jquery.min.js HTTP/1.1" 304 209 "http://www.kakagoo.cn/" "Mozilla/4.0 (compatible; MSIE 6.0; Windows NT 5.1; SV1)"
116.1.115.43 - - [14/May/2009:01:40:15 +0800] "GET /images/js/css.js HTTP/1.1" 304 208 "http://www.kakagoo.cn/" "Mozilla/4.0 (compatible; MSIE 6.0; Windows NT 5.1; SV1)"
116.1.115.43 - - [14/May/2009:01:40:16 +0800] "GET /images/js/common.js HTTP/1.1" 304 209 "http://www.kakagoo.cn/" "Mozilla/4.0 (compatible; MSIE 6.0; Windows NT 5.1; SV1)"
116.1.115.43 - - [14/May/2009:01:40:16 +0800] "GET /images/js/login.js HTTP/1.1" 304 208 "http://www.kakagoo.cn/" "Mozilla/4.0 (compatible; MSIE 6.0; Windows NT 5.1; SV1)"
116.1.115.43 - - [14/May/2009:01:40:16 +0800] "GET /images/js/validator.js HTTP/1.1" 304 209 "http://www.kakagoo.cn/" "Mozilla/4.0 (compatible; MSIE 6.0; Windows NT 5.1; SV1)"
116.1.115.43 - - [14/May/2009:01:40:16 +0800] "GET /templates/kakagoo/skins/default/images/top_bg.gif HTTP/1.1" 304 174 "http://www.kakagoo.cn/" "Mozilla/4.0 (compatible; MSIE 6.0; Windows NT 5.1; SV1)"
116.1.115.43 - - [14/May/2009:01:40:16 +0800] "GET /templates/kakagoo/skins/default/images/logo.jpg HTTP/1.1" 304 175 "http://www.kakagoo.cn/" "Mozilla/4.0 (compatible; MSIE 6.0; Windows NT 5.1; SV1)"
116.1.115.43 - - [14/May/2009:01:40:17 +0800] "GET /templates/kakagoo/skins/default/images/logo.gif HTTP/1.1" 304 175 "http://www.kakagoo.cn/" "Mozilla/4.0 (compatible; MSIE 6.0; Windows NT 5.1; SV1)"
116.1.115.43 - - [14/May/2009:01:40:17 +0800] "GET /templates/kakagoo/skins/default/images/small_jt.gif HTTP/1.1" 304 174 "http://www.kakagoo.cn/" "Mozilla/4.0 (compatible; MSIE 6.0; Windows NT 5.1; SV1)"
116.1.115.43 - - [14/May/2009:01:40:17 +0800] "GET /images/js/footer.js HTTP/1.1" 304 208 "http://www.kakagoo.cn/" "Mozilla/4.0 (compatible; MSIE 6.0; Windows NT 5.1; SV1)"
116.1.115.43 - - [14/May/2009:01:40:17 +0800] "GET /2009.php HTTP/1.1" 200 399 "http://www.kakagoo.cn/" "Mozilla/4.0 (compatible; MSIE 6.0; Windows NT 5.1; SV1)"
210.83.80.216 - - [14/May/2009:01:43:04 +0800] "GET /index.php HTTP/1.0" 200 9954 "-" "-"
221.215.84.250 - - [14/May/2009:01:43:03 +0800] "GET /2009.php HTTP/1.1" 200 400 "http://kakagoo.com/" "Mozilla/4.0 (compatible; MSIE 7.0; Windows NT 5.2; Maxthon; .NET CLR 1.1.4322)"
123.125.66.72 - - [14/May/2009:01:46:54 +0800] "GET /qq28/20090513/3963.html HTTP/1.1" 200 4917 "-" "Baiduspider+(+http://www.baidu.com/search/spider.htm)"
123.125.66.64 - - [14/May/2009:01:48:11 +0800] "GET / HTTP/1.1" 200 2963 "-" "Baiduspider+(+http://www.baidu.com/search/spider.htm)"
210.83.80.216 - - [14/May/2009:01:48:57 +0800] "GET /index.php HTTP/1.0" 200 9968 "-" "-"
122.156.165.24 - - [14/May/2009:01:48:57 +0800] "GET /2009.php HTTP/1.1" 200 400 "http://www.kakagoo.com/2009/0411/2526.html" "Mozilla/4.0 (compatible; MSIE 6.0; Windows NT 5.1; SV1; Sicent)"
122.156.165.24 - - [14/May/2009:01:49:14 +0800] "GET /2009.php HTTP/1.1" 200 400 "http://www.kakagoo.com/2009/0427/2768.html" "Mozilla/4.0 (compatible; MSIE 6.0; Windows NT 5.1; SV1; Sicent)"
122.156.165.24 - - [14/May/2009:01:49:45 +0800] "GET /2009.php HTTP/1.1" 200 400 "http://www.kakagoo.com/2009/0404/1903.html" "Mozilla/4.0 (compatible; MSIE 6.0; Windows NT 5.1; SV1; Sicent)"
122.156.165.24 - - [14/May/2009:01:50:42 +0800] "GET /2009.php HTTP/1.1" 200 400 "http://www.kakagoo.com/2009/0404/1904.html" "Mozilla/4.0 (compatible; MSIE 6.0; Windows NT 5.1; SV1; Sicent)"
210.83.80.216 - - [14/May/2009:01:51:27 +0800] "GET /index.php HTTP/1.0" 200 10005 "-" "-"
219.135.135.88 - - [14/May/2009:01:51:26 +0800] "GET /2009.php HTTP/1.1" 200 400 "http://www.kakagoo.com/2009/0107/703.html" "Mozilla/4.0 (compatible; MSIE 6.0; Windows NT 5.1; SV1)"
210.83.80.216 - - [14/May/2009:01:54:48 +0800] "GET /index.php HTTP/1.0" 200 10022 "-" "-"
221.193.248.87 - - [14/May/2009:01:54:48 +0800] "GET /2009.php HTTP/1.1" 200 400 "http://www.kakagoo.com/2009/0129/1046.html" "Mozilla/4.0 (compatible; MSIE 6.0; Windows NT 5.1; SV1; icafe8; .NET CLR 2.0.50727)"
72.14.199.115 - - [14/May/2009:01:55:01 +0800] "GET /rss.php?respond=output HTTP/1.1" 200 2152 "-" "Feedfetcher-Google; (+http://www.google.com/feedfetcher.html; 1 subscribers; feed-id=12344736537089703327)"
202.160.180.162 - - [14/May/2009:01:56:35 +0800] "GET /qq25/20090513/3690.html HTTP/1.0" 200 4090 "-" "Mozilla/5.0 (compatible; Yahoo! Slurp China; http://misc.yahoo.com.cn/help.html)"
210.83.80.216 - - [14/May/2009:02:06:05 +0800] "GET /index.php HTTP/1.0" 200 10057 "-" "-"
124.77.216.136 - - [14/May/2009:02:06:04 +0800] "GET /2009.php HTTP/1.1" 200 401 "http://www.kakagoo.com/2009/0205/1140.html" "Mozilla/4.0 (compatible; MSIE 6.0; Windows NT 5.1; SV1; Mozilla/4.0 (compatible; MSIE 6.0; Windows NT 5.1; SV1) ; 360SE)"
124.77.216.136 - - [14/May/2009:02:07:29 +0800] "GET /2009.php HTTP/1.1" 200 400 "http://www.kakagoo.com/2009/0410/2489.html" "Mozilla/4.0 (compatible; MSIE 6.0; Windows NT 5.1; SV1; Mozilla/4.0 (compatible; MSIE 6.0; Windows NT 5.1; SV1) ; 360SE)"
124.77.216.136 - - [14/May/2009:02:07:56 +0800] "GET /2009.php HTTP/1.1" 200 400 "http://www.kakagoo.com/ka_tuku/touxiang/" "Mozilla/4.0 (compatible; MSIE 6.0; Windows NT 5.1; SV1; Mozilla/4.0 (compatible; MSIE 6.0; Windows NT 5.1; SV1) ; 360SE)"
210.83.80.216 - - [14/May/2009:02:09:13 +0800] "GET /index.php HTTP/1.0" 200 10039 "-" "-"
124.77.216.136 - - [14/May/2009:02:09:13 +0800] "GET /2009.php HTTP/1.1" 200 400 "http://www.kakagoo.com/ka_tuku/touxiang/fzl/" "Mozilla/4.0 (compatible; MSIE 6.0; Windows NT 5.1; SV1; Mozilla/4.0 (compatible; MSIE 6.0; Windows NT 5.1; SV1) ; 360SE)"
124.77.216.136 - - [14/May/2009:02:10:32 +0800] "GET /2009.php HTTP/1.1" 200 400 "http://www.kakagoo.com/ka_tuku/touxiang/fzl/2.html" "Mozilla/4.0 (compatible; MSIE 6.0; Windows NT 5.1; SV1; Mozilla/4.0 (compatible; MSIE 6.0; Windows NT 5.1; SV1) ; 360SE)"
124.77.216.136 - - [14/May/2009:02:10:41 +0800] "GET /2009.php HTTP/1.1" 200 400 "http://www.kakagoo.com/ka_tuku/touxiang/fzl/3.html" "Mozilla/4.0 (compatible; MSIE 6.0; Windows NT 5.1; SV1; Mozilla/4.0 (compatible; MSIE 6.0; Windows NT 5.1; SV1) ; 360SE)"
124.77.216.136 - - [14/May/2009:02:10:54 +0800] "GET /2009.php HTTP/1.1" 200 400 "http://www.kakagoo.com/ka_tuku/touxiang/fzl/4.html" "Mozilla/4.0 (compatible; MSIE 6.0; Windows NT 5.1; SV1; Mozilla/4.0 (compatible; MSIE 6.0; Windows NT 5.1; SV1) ; 360SE)"
124.77.216.136 - - [14/May/2009:02:11:00 +0800] "GET /2009.php HTTP/1.1" 200 400 "http://www.kakagoo.com/2009/0511/2956.html" "Mozilla/4.0 (compatible; MSIE 6.0; Windows NT 5.1; SV1; Mozilla/4.0 (compatible; MSIE 6.0; Windows NT 5.1; SV1) ; 360SE)"
210.83.80.216 - - [14/May/2009:02:12:40 +0800] "GET /index.php HTTP/1.0" 200 9988 "-" "-"
122.85.64.53 - - [14/May/2009:02:12:39 +0800] "GET /2009.php HTTP/1.1" 200 400 "http://www.kakagoo.com/2009/0407/2329.html" "Mozilla/4.0 (compatible; MSIE 6.0; Windows NT 5.1; SV1; GTB6; CIBA)"
210.83.80.216 - - [14/May/2009:02:15:48 +0800] "GET /index.php HTTP/1.0" 200 9984 "-" "-"
218.9.229.91 - - [14/May/2009:02:15:48 +0800] "GET /2009.php HTTP/1.1" 200 400 "http://www.kakagoo.com/2009/0206/1191.html" "Mozilla/4.0 (compatible; MSIE 6.0; Windows NT 5.1; SV1; Mozilla/4.0 (compatible; MSIE 6.0; Windows NT 5.1; SV1) )"
210.83.80.216 - - [14/May/2009:02:19:10 +0800] "GET /index.php HTTP/1.0" 200 9974 "-" "-"
61.184.36.18 - - [14/May/2009:02:19:10 +0800] "GET /2009.php HTTP/1.1" 200 400 "http://www.kakagoo.com/2009/0403/1884.html" "Mozilla/4.0 (compatible; MSIE 6.0; Windows NT 5.1; SV1; icafe8)"
61.184.36.18 - - [14/May/2009:02:21:12 +0800] "GET /2009.php HTTP/1.1" 200 400 "http://www.kakagoo.com/2009/0429/2785.html" "Mozilla/4.0 (compatible; MSIE 6.0; Windows NT 5.1; SV1; icafe8)"
61.184.36.18 - - [14/May/2009:02:21:23 +0800] "GET /2009.php HTTP/1.1" 200 400 "http://www.kakagoo.com/2009/0427/2769.html" "Mozilla/4.0 (compatible; MSIE 6.0; Windows NT 5.1; SV1; icafe8)"
61.184.36.18 - - [14/May/2009:02:21:34 +0800] "GET /2009.php HTTP/1.1" 200 400 "http://www.kakagoo.com/2009/0429/2788.html" "Mozilla/4.0 (compatible; MSIE 6.0; Windows NT 5.1; SV1; icafe8)"
61.184.36.18 - - [14/May/2009:02:21:39 +0800] "GET /2009.php HTTP/1.1" 200 400 "http://www.kakagoo.com/2009/0505/2838.html" "Mozilla/4.0 (compatible; MSIE 6.0; Windows NT 5.1; SV1; icafe8)"
210.83.80.216 - - [14/May/2009:02:31:57 +0800] "GET /index.php HTTP/1.0" 200 9964 "-" "-"
219.145.103.158 - - [14/May/2009:02:31:56 +0800] "GET /2009.php HTTP/1.1" 200 401 "http://www.kakagoo.com/2009/0417/2663.html" "Mozilla/4.0 (compatible; MSIE 6.0; Windows NT 5.1; SV1; icafe8)"
59.35.153.72 - - [14/May/2009:02:33:17 +0800] "GET /2009.php HTTP/1.1" 200 400 "http://www.kakagoo.com/2008/1229/513.html" "Mozilla/4.0 (compatible; MSIE 6.0; Windows NT 5.1; SV1; GTB6; Mozilla/4.0 (compatible; MSIE 6.0; Windows NT 5.1; SV1) )"
123.125.66.94 - - [14/May/2009:02:35:03 +0800] "GET /qq28/20090513/3988.html HTTP/1.1" 200 4608 "-" "Baiduspider+(+http://www.baidu.com/search/spider.htm)"
123.125.66.88 - - [14/May/2009:02:35:55 +0800] "GET /qq23/20090513/3631.html HTTP/1.1" 200 3614 "-" "Baiduspider+(+http://www.baidu.com/search/spider.htm)"
210.83.80.216 - - [14/May/2009:02:37:55 +0800] "GET /index.php HTTP/1.0" 200 9948 "-" "-"
222.132.29.91 - - [14/May/2009:02:37:54 +0800] "GET /2009.php HTTP/1.1" 200 400 "http://www.kakagoo.com/ka_tuku/touxiang/gexing/1.html" "Mozilla/4.0 (compatible; MSIE 6.0; Windows NT 5.2; SV1; .NET CLR 1.1.4322)"
222.132.29.91 - - [14/May/2009:02:38:04 +0800] "GET /2009.php HTTP/1.1" 200 400 "http://www.kakagoo.com/2009/0507/2866.html" "Mozilla/4.0 (compatible; MSIE 6.0; Windows NT 5.2; SV1; .NET CLR 1.1.4322)"
222.132.29.91 - - [14/May/2009:02:39:20 +0800] "GET /2009.php HTTP/1.1" 200 400 "http://www.kakagoo.com/2009/0507/2867.html" "Mozilla/4.0 (compatible; MSIE 6.0; Windows NT 5.2; SV1; .NET CLR 1.1.4322)"
222.132.29.91 - - [14/May/2009:02:39:41 +0800] "GET /2009.php HTTP/1.1" 200 400 "http://www.kakagoo.com/2009/0503/2814.html" "Mozilla/4.0 (compatible; MSIE 6.0; Windows NT 5.2; SV1; .NET CLR 1.1.4322)"
222.132.29.91 - - [14/May/2009:02:39:50 +0800] "GET /2009.php HTTP/1.1" 200 400 "http://www.kakagoo.com/2009/0429/2791.html" "Mozilla/4.0 (compatible; MSIE 6.0; Windows NT 5.2; SV1; .NET CLR 1.1.4322)"
210.83.80.216 - - [14/May/2009:02:40:00 +0800] "GET /index.php HTTP/1.0" 200 9934 "-" "-"
222.132.29.91 - - [14/May/2009:02:40:00 +0800] "GET /2009.php HTTP/1.1" 200 400 "http://www.kakagoo.com/2009/0429/2790.html" "Mozilla/4.0 (compatible; MSIE 6.0; Windows NT 5.2; SV1; .NET CLR 1.1.4322)"
222.132.29.91 - - [14/May/2009:02:40:16 +0800] "GET /2009.php HTTP/1.1" 200 400 "http://www.kakagoo.com/2009/0429/2789.html" "Mozilla/4.0 (compatible; MSIE 6.0; Windows NT 5.2; SV1; .NET CLR 1.1.4322)"
222.132.29.91 - - [14/May/2009:02:40:30 +0800] "GET /2009.php HTTP/1.1" 200 400 "http://www.kakagoo.com/2009/0428/2773.html" "Mozilla/4.0 (compatible; MSIE 6.0; Windows NT 5.2; SV1; .NET CLR 1.1.4322)"
222.132.29.91 - - [14/May/2009:02:40:38 +0800] "GET /2009.php HTTP/1.1" 200 400 "http://www.kakagoo.com/2009/0428/2772.html" "Mozilla/4.0 (compatible; MSIE 6.0; Windows NT 5.2; SV1; .NET CLR 1.1.4322)"
222.132.29.91 - - [14/May/2009:02:40:56 +0800] "GET /2009.php HTTP/1.1" 200 400 "http://www.kakagoo.com/2009/0428/2770.html" "Mozilla/4.0 (compatible; MSIE 6.0; Windows NT 5.2; SV1; .NET CLR 1.1.4322)"
222.132.29.91 - - [14/May/2009:02:41:05 +0800] "GET /2009.php HTTP/1.1" 200 400 "http://www.kakagoo.com/2009/0427/2765.html" "Mozilla/4.0 (compatible; MSIE 6.0; Windows NT 5.2; SV1; .NET CLR 1.1.4322)"
222.132.29.91 - - [14/May/2009:02:41:14 +0800] "GET /2009.php HTTP/1.1" 200 400 "http://www.kakagoo.com/ka_tuku/touxiang/gexing/2.html" "Mozilla/4.0 (compatible; MSIE 6.0; Windows NT 5.2; SV1; .NET CLR 1.1.4322)"
222.132.29.91 - - [14/May/2009:02:41:20 +0800] "GET /2009.php HTTP/1.1" 200 400 "http://www.kakagoo.com/2009/0413/2597.html" "Mozilla/4.0 (compatible; MSIE 6.0; Windows NT 5.2; SV1; .NET CLR 1.1.4322)"
222.132.29.91 - - [14/May/2009:02:41:44 +0800] "GET /2009.php HTTP/1.1" 200 400 "http://www.kakagoo.com/2009/0205/1139.html" "Mozilla/4.0 (compatible; MSIE 6.0; Windows NT 5.2; SV1; .NET CLR 1.1.4322)"
222.132.29.91 - - [14/May/2009:02:41:51 +0800] "GET /2009.php HTTP/1.1" 200 400 "http://www.kakagoo.com/ka_tuku/touxiang/gexing/3.html" "Mozilla/4.0 (compatible; MSIE 6.0; Windows NT 5.2; SV1; .NET CLR 1.1.4322)"
222.132.29.91 - - [14/May/2009:02:41:55 +0800] "GET /2009.php HTTP/1.1" 200 400 "http://www.kakagoo.com/ka_tuku/touxiang/gexing/3.html" "Mozilla/4.0 (compatible; MSIE 6.0; Windows NT 5.2; SV1; .NET CLR 1.1.4322)"
222.132.29.91 - - [14/May/2009:02:42:00 +0800] "GET /2009.php HTTP/1.1" 200 400 "http://www.kakagoo.com/ka_tuku/touxiang/gexing/3.html" "Mozilla/4.0 (compatible; MSIE 6.0; Windows NT 5.2; SV1; .NET CLR 1.1.4322)"
222.132.29.91 - - [14/May/2009:02:42:22 +0800] "GET /2009.php HTTP/1.1" 200 400 "http://www.kakagoo.com/2009/0205/1145.html" "Mozilla/4.0 (compatible; MSIE 6.0; Windows NT 5.2; SV1; .NET CLR 1.1.4322)"
222.132.29.91 - - [14/May/2009:02:42:44 +0800] "GET /2009.php HTTP/1.1" 200 400 "http://www.kakagoo.com/2009/0329/1796.html" "Mozilla/4.0 (compatible; MSIE 6.0; Windows NT 5.2; SV1; .NET CLR 1.1.4322)"
210.83.80.216 - - [14/May/2009:02:43:02 +0800] "GET /index.php HTTP/1.0" 200 9945 "-" "-"
222.132.29.91 - - [14/May/2009:02:43:02 +0800] "GET /2009.php HTTP/1.1" 200 400 "http://www.kakagoo.com/2009/0407/2405.html" "Mozilla/4.0 (compatible; MSIE 6.0; Windows NT 5.2; SV1; .NET CLR 1.1.4322)"
222.132.29.91 - - [14/May/2009:02:43:10 +0800] "GET /2009.php HTTP/1.1" 200 400 "http://www.kakagoo.com/2009/0410/2487.html" "Mozilla/4.0 (compatible; MSIE 6.0; Windows NT 5.2; SV1; .NET CLR 1.1.4322)"
222.132.29.91 - - [14/May/2009:02:43:34 +0800] "GET /2009.php HTTP/1.1" 200 400 "http://www.kakagoo.com/2009/0428/2770.html" "Mozilla/4.0 (compatible; MSIE 6.0; Windows NT 5.2; SV1; .NET CLR 1.1.4322)"
222.132.29.91 - - [14/May/2009:02:43:45 +0800] "GET /2009.php HTTP/1.1" 200 400 "http://www.kakagoo.com/2009/0205/1155.html" "Mozilla/4.0 (compatible; MSIE 6.0; Windows NT 5.2; SV1; .NET CLR 1.1.4322)"
222.132.29.91 - - [14/May/2009:02:43:56 +0800] "GET /2009.php HTTP/1.1" 200 400 "http://www.kakagoo.com/2009/0413/2598.html" "Mozilla/4.0 (compatible; MSIE 6.0; Windows NT 5.2; SV1; .NET CLR 1.1.4322)"
222.132.29.91 - - [14/May/2009:02:44:01 +0800] "GET /2009.php HTTP/1.1" 200 400 "http://www.kakagoo.com/2009/0503/2814.html" "Mozilla/4.0 (compatible; MSIE 6.0; Windows NT 5.2; SV1; .NET CLR 1.1.4322)"
222.132.29.91 - - [14/May/2009:02:44:07 +0800] "GET /2009.php HTTP/1.1" 200 400 "http://www.kakagoo.com/2009/0104/683.html" "Mozilla/4.0 (compatible; MSIE 6.0; Windows NT 5.2; SV1; .NET CLR 1.1.4322)"
222.132.29.91 - - [14/May/2009:02:44:14 +0800] "GET /2009.php HTTP/1.1" 200 400 "http://www.kakagoo.com/2009/0129/1031.html" "Mozilla/4.0 (compatible; MSIE 6.0; Windows NT 5.2; SV1; .NET CLR 1.1.4322)"
210.83.80.216 - - [14/May/2009:02:46:17 +0800] "GET /index.php HTTP/1.0" 200 9975 "-" "-"
61.185.16.86 - - [14/May/2009:02:46:17 +0800] "GET /2009.php HTTP/1.0" 200 400 "http://www.kakagoo.com/2009/0306/1388.html" "Mozilla/4.0 (compatible; MSIE 6.0; Windows NT 5.1; SV1; Sicent; cafe8)"
84.100.124.211 - - [14/May/2009:02:46:34 +0800] "GET /2009.php HTTP/1.1" 200 400 "http://www.kakagoo.com/2009/0211/1193.html" "Mozilla/4.0 (compatible; MSIE 6.0; Windows NT 5.1; SV1; .NET CLR 2.0.50727; MAXTHON 2.0)"
61.185.16.86 - - [14/May/2009:02:46:54 +0800] "GET /2009.php HTTP/1.0" 200 400 "http://www.kakagoo.com/2009/0423/2734.html" "Mozilla/4.0 (compatible; MSIE 6.0; Windows NT 5.1; SV1; Sicent; cafe8)"
218.15.190.78 - - [14/May/2009:02:48:58 +0800] "GET /2009.php HTTP/1.1" 200 400 "http://www.kakagoo.com/2009/0110/764.html" "Mozilla/4.0 (compatible; MSIE 6.0; Windows NT 5.1; SV1; Sicent)"
123.125.66.66 - - [14/May/2009:02:50:11 +0800] "GET /qq25/20090513/3989.html HTTP/1.1" 200 4033 "-" "Baiduspider+(+http://www.baidu.com/search/spider.htm)"
210.83.80.216 - - [14/May/2009:02:50:19 +0800] "GET /index.php HTTP/1.0" 200 9977 "-" "-"
221.214.166.157 - - [14/May/2009:02:50:19 +0800] "GET /2009.php HTTP/1.1" 200 400 "http://www.kakagoo.com/2009/0403/1834.html" "Mozilla/4.0 (compatible; MSIE 6.0; Windows NT 5.1; SV1; Mozilla/4.0 (compatible; MSIE 6.0; Windows NT 5.1; SV1) ; .NET CLR 2.0.50727; .NET CLR 3.0.4506.2152; .NET CLR 3.5.30729)"
123.125.66.84 - - [14/May/2009:02:50:58 +0800] "GET /qq19/20090513/3991.html HTTP/1.1" 200 4163 "-" "Baiduspider+(+http://www.baidu.com/search/spider.htm)"
222.90.224.128 - - [14/May/2009:02:51:05 +0800] "GET /2009.php HTTP/1.1" 200 400 "http://www.kakagoo.com/2009/0214/1259.html" "Mozilla/4.0 (compatible; MSIE 6.0; Windows NT 5.1; SV1; TencentTraveler 4.0; QQDownload 1.7)"
123.125.66.95 - - [14/May/2009:02:51:52 +0800] "GET /qq27/20090513/3637.html HTTP/1.1" 200 3335 "-" "Baiduspider+(+http://www.baidu.com/search/spider.htm)"
125.70.78.89 - - [14/May/2009:02:52:48 +0800] "GET /2009.php HTTP/1.1" 200 400 "http://www.kakagoo.com/2009/0410/2466.html" "Mozilla/4.0 (compatible; MSIE 6.0; Windows NT 5.1; SV1; Mozilla/4.0 (compatible; MSIE 6.0; Windows NT 5.1; SV1) )"
210.83.80.216 - - [14/May/2009:02:53:04 +0800] "GET /index.php HTTP/1.0" 200 9947 "-" "-"
61.184.36.18 - - [14/May/2009:02:53:04 +0800] "GET /2009.php HTTP/1.1" 200 400 "http://www.kakagoo.com/2009/0403/1884.html" "Mozilla/4.0 (compatible; MSIE 6.0; Windows NT 5.1; SV1; icafe8)"
61.185.16.86 - - [14/May/2009:02:55:16 +0800] "GET /2009.php HTTP/1.0" 200 400 "http://www.kakagoo.com/2009/0306/1388.html" "Mozilla/4.0 (compatible; MSIE 6.0; Windows NT 5.1; SV1; Sicent; cafe8)"
210.83.80.216 - - [14/May/2009:03:02:53 +0800] "GET /index.php HTTP/1.0" 200 9907 "-" "-"
124.236.3.174 - - [14/May/2009:03:02:53 +0800] "GET /2009.php HTTP/1.1" 200 401 "http://www.kakagoo.com/2009/0404/1898.html" "Mozilla/4.0 (compatible; MSIE 6.0; Windows NT 5.1; SV1; .NET CLR 2.0.50727; .NET CLR 1.1.4322)"
123.125.66.74 - - [14/May/2009:03:06:10 +0800] "GET /qq23/20090513/3743.html HTTP/1.1" 200 4748 "-" "Baiduspider+(+http://www.baidu.com/search/spider.htm)"
123.125.66.82 - - [14/May/2009:03:06:54 +0800] "GET /qq19/20090509/2281.html HTTP/1.1" 200 3054 "-" "Baiduspider+(+http://www.baidu.com/search/spider.htm)"
61.135.249.205 - - [14/May/2009:03:09:39 +0800] "GET / HTTP/1.1" 200 2896 "-" "Mozilla/5.0 (compatible; YoudaoBot/1.0; http://www.youdao.com/help/webmaster/spider/; )"
216.129.119.10 - - [14/May/2009:03:10:26 +0800] "GET /robots.txt HTTP/1.0" 200 427 "-" "Mozilla/5.0 (Twiceler-0.9 http://www.cuil.com/twiceler/robot.html)"
210.83.80.216 - - [14/May/2009:03:10:44 +0800] "GET /index.php HTTP/1.0" 200 9896 "-" "-"
222.90.224.128 - - [14/May/2009:03:10:42 +0800] "GET /2009.php HTTP/1.1" 200 400 "http://www.kakagoo.com/2009/0214/1259.html" "Mozilla/4.0 (compatible; MSIE 6.0; Windows NT 5.1; SV1; TencentTraveler 4.0; QQDownload 1.7)"
220.181.61.234 - - [14/May/2009:03:12:27 +0800] "GET / HTTP/1.1" 200 2900 "-" "Sogou web spider/4.0(+http://www.sogou.com/docs/help/webmasters.htm#07)"
123.125.66.74 - - [14/May/2009:03:22:25 +0800] "GET /qq27/20090513/3971.html HTTP/1.1" 200 4763 "-" "Baiduspider+(+http://www.baidu.com/search/spider.htm)"
123.125.66.83 - - [14/May/2009:03:23:11 +0800] "GET /qq26/20090512/3502.html HTTP/1.1" 200 3851 "-" "Baiduspider+(+http://www.baidu.com/search/spider.htm)"
210.83.80.216 - - [14/May/2009:03:24:19 +0800] "GET /index.php HTTP/1.0" 200 9905 "-" "-"
114.91.227.50 - - [14/May/2009:03:24:18 +0800] "GET /2009.php HTTP/1.1" 200 401 "http://www.kakagoo.com/2009/0117/919.html" "Mozilla/4.0 (compatible; MSIE 7.0; Windows NT 6.0; Mozilla/4.0(Compatible Mozilla/4.0(Compatible-EmbeddedWB 14.59 http://bsalsa.com/ EmbeddedWB- 14.59  from: http://bsalsa.com/ ; SLCC1; .NET CLR 2.0.50727; Media Center PC 5.0; .NET CLR 3.0.04506)"
114.91.227.50 - - [14/May/2009:03:25:21 +0800] "GET /2009.php HTTP/1.1" 200 400 "http://www.kakagoo.com/2009/0117/919.html" "Mozilla/4.0 (compatible; MSIE 7.0; Windows NT 6.0; Mozilla/4.0(Compatible Mozilla/4.0(Compatible-EmbeddedWB 14.59 http://bsalsa.com/ EmbeddedWB- 14.59  from: http://bsalsa.com/ ; SLCC1; .NET CLR 2.0.50727; Media Center PC 5.0; .NET CLR 3.0.04506)"
61.135.249.205 - - [14/May/2009:03:26:21 +0800] "GET /qq15/20090513/3940.html HTTP/1.1" 200 4240 "-" "Mozilla/5.0 (compatible; YoudaoBot/1.0; http://www.youdao.com/help/webmaster/spider/; )"
61.135.249.203 - - [14/May/2009:03:26:42 +0800] "GET /qq15/20090511/3156.html HTTP/1.1" 200 3182 "-" "Mozilla/5.0 (compatible; YoudaoBot/1.0; http://www.youdao.com/help/webmaster/spider/; )"
61.135.249.205 - - [14/May/2009:03:29:06 +0800] "GET /qq15/20090512/3445.html HTTP/1.1" 200 3239 "-" "Mozilla/5.0 (compatible; YoudaoBot/1.0; http://www.youdao.com/help/webmaster/spider/; )"
210.83.80.216 - - [14/May/2009:03:29:28 +0800] "GET /index.php HTTP/1.0" 200 9903 "-" "-"
222.222.232.132 - - [14/May/2009:03:29:28 +0800] "GET /2009.php HTTP/1.1" 200 400 "-" "Mozilla/4.0 (compatible; MSIE 6.0; Windows NT 5.1; SV1; InfoPath.1)"
61.135.249.205 - - [14/May/2009:03:29:34 +0800] "GET /qq15/20090513/3651.html HTTP/1.1" 200 3297 "-" "Mozilla/5.0 (compatible; YoudaoBot/1.0; http://www.youdao.com/help/webmaster/spider/; )"
61.135.249.205 - - [14/May/2009:03:31:18 +0800] "GET /qq15/20090511/3159.html HTTP/1.1" 200 3170 "-" "Mozilla/5.0 (compatible; YoudaoBot/1.0; http://www.youdao.com/help/webmaster/spider/; )"
210.83.80.216 - - [14/May/2009:03:32:05 +0800] "GET /index.php HTTP/1.0" 200 9860 "-" "-"
24.167.9.9 - - [14/May/2009:03:32:05 +0800] "GET /2009.php HTTP/1.1" 200 400 "http://www.kakagoo.com/2009/0419/2688.html" "Mozilla/5.0 (Windows; U; Windows NT 6.0; en-US; rv:1.9.0.10) Gecko/2009042316 Firefox/3.0.10"
61.135.249.203 - - [14/May/2009:03:32:11 +0800] "GET /qq22/20090513/3942.html HTTP/1.1" 200 4687 "-" "Mozilla/5.0 (compatible; YoudaoBot/1.0; http://www.youdao.com/help/webmaster/spider/; )"
61.135.249.203 - - [14/May/2009:03:32:28 +0800] "GET /qq26/20090513/3945.html HTTP/1.1" 200 4629 "-" "Mozilla/5.0 (compatible; YoudaoBot/1.0; http://www.youdao.com/help/webmaster/spider/; )"
61.135.249.205 - - [14/May/2009:03:32:44 +0800] "GET /qq23/20090511/3029.html HTTP/1.1" 200 3299 "-" "Mozilla/5.0 (compatible; YoudaoBot/1.0; http://www.youdao.com/help/webmaster/spider/; )"
61.135.249.203 - - [14/May/2009:03:33:03 +0800] "GET /qq27/20090513/3944.html HTTP/1.1" 200 4469 "-" "Mozilla/5.0 (compatible; YoudaoBot/1.0; http://www.youdao.com/help/webmaster/spider/; )"
61.135.249.203 - - [14/May/2009:03:33:54 +0800] "GET /qq23/20090511/3026.html HTTP/1.1" 200 3371 "-" "Mozilla/5.0 (compatible; YoudaoBot/1.0; http://www.youdao.com/help/webmaster/spider/; )"
121.9.179.105 - - [14/May/2009:03:34:17 +0800] "GET /2009.php HTTP/1.1" 200 400 "http://www.kakagoo.com/2009/0404/1893.html" "Mozilla/4.0 (compatible; MSIE 6.0; Windows NT 5.1; SV1; TencentTraveler 4.0; .NET CLR 2.0.50727; 360SE)"
121.9.179.105 - - [14/May/2009:03:34:26 +0800] "GET /2009.php HTTP/1.1" 200 400 "http://www.kakagoo.com/2009/0404/1893_6.html" "Mozilla/4.0 (compatible; MSIE 6.0; Windows NT 5.1; SV1; TencentTraveler 4.0; .NET CLR 2.0.50727; 360SE)"
61.135.249.205 - - [14/May/2009:03:34:30 +0800] "GET /qq23/20090513/3939.html HTTP/1.1" 200 4341 "-" "Mozilla/5.0 (compatible; YoudaoBot/1.0; http://www.youdao.com/help/webmaster/spider/; )"
121.9.179.105 - - [14/May/2009:03:34:33 +0800] "GET /2009.php HTTP/1.1" 200 400 "http://www.kakagoo.com/2009/0404/1893_7.html" "Mozilla/4.0 (compatible; MSIE 6.0; Windows NT 5.1; SV1; TencentTraveler 4.0; .NET CLR 2.0.50727; 360SE)"
121.9.179.105 - - [14/May/2009:03:34:46 +0800] "GET /2009.php HTTP/1.1" 200 400 "http://www.kakagoo.com/2009/0428/2775.html" "Mozilla/4.0 (compatible; MSIE 6.0; Windows NT 5.1; SV1; TencentTraveler 4.0; .NET CLR 2.0.50727; 360SE)"
210.83.80.216 - - [14/May/2009:03:35:04 +0800] "GET /index.php HTTP/1.0" 200 9826 "-" "-"
121.9.179.105 - - [14/May/2009:03:35:04 +0800] "GET /2009.php HTTP/1.1" 200 400 "http://www.kakagoo.com/2009/0429/2780.html" "Mozilla/4.0 (compatible; MSIE 6.0; Windows NT 5.1; SV1; TencentTraveler 4.0; .NET CLR 2.0.50727; 360SE)"
61.135.249.203 - - [14/May/2009:03:35:08 +0800] "GET /qq24/20090511/3226.html HTTP/1.1" 200 3530 "-" "Mozilla/5.0 (compatible; YoudaoBot/1.0; http://www.youdao.com/help/webmaster/spider/; )"
121.9.179.105 - - [14/May/2009:03:35:10 +0800] "GET /2009.php HTTP/1.1" 200 400 "http://www.kakagoo.com/2009/0429/2780_7.html" "Mozilla/4.0 (compatible; MSIE 6.0; Windows NT 5.1; SV1; TencentTraveler 4.0; .NET CLR 2.0.50727; 360SE)"
121.9.179.105 - - [14/May/2009:03:35:20 +0800] "GET /2009.php HTTP/1.1" 200 400 "http://www.kakagoo.com/2009/0421/2705.html" "Mozilla/4.0 (compatible; MSIE 6.0; Windows NT 5.1; SV1; TencentTraveler 4.0; .NET CLR 2.0.50727; 360SE)"
61.135.249.203 - - [14/May/2009:03:35:41 +0800] "GET /qq24/20090512/3271.html HTTP/1.1" 200 3405 "-" "Mozilla/5.0 (compatible; YoudaoBot/1.0; http://www.youdao.com/help/webmaster/spider/; )"
61.135.249.205 - - [14/May/2009:03:35:57 +0800] "GET /qq24/20090511/3205.html HTTP/1.1" 200 3466 "-" "Mozilla/5.0 (compatible; YoudaoBot/1.0; http://www.youdao.com/help/webmaster/spider/; )"
61.135.249.203 - - [14/May/2009:03:35:57 +0800] "GET /qq26/20090509/2384.html HTTP/1.1" 200 3190 "-" "Mozilla/5.0 (compatible; YoudaoBot/1.0; http://www.youdao.com/help/webmaster/spider/; )"
74.86.223.42 - - [14/May/2009:03:36:05 +0800] "GET / HTTP/1.1" 206 9811 "http://www.followsite.com/bot.html" "FollowSite Bot ( http://www.followsite.com/bot.html )"
61.135.249.205 - - [14/May/2009:03:36:06 +0800] "GET /qq26/20090509/2389.html HTTP/1.1" 200 3315 "-" "Mozilla/5.0 (compatible; YoudaoBot/1.0; http://www.youdao.com/help/webmaster/spider/; )"
61.135.249.203 - - [14/May/2009:03:36:08 +0800] "GET /qq28/20090510/2494.html HTTP/1.1" 200 3258 "-" "Mozilla/5.0 (compatible; YoudaoBot/1.0; http://www.youdao.com/help/webmaster/spider/; )"
61.135.249.205 - - [14/May/2009:03:36:21 +0800] "GET /qq26/20090509/2392.html HTTP/1.1" 200 3405 "-" "Mozilla/5.0 (compatible; YoudaoBot/1.0; http://www.youdao.com/help/webmaster/spider/; )"
61.135.249.205 - - [14/May/2009:03:36:36 +0800] "GET /qq28/20090510/2503.html HTTP/1.1" 200 2788 "-" "Mozilla/5.0 (compatible; YoudaoBot/1.0; http://www.youdao.com/help/webmaster/spider/; )"
61.135.249.205 - - [14/May/2009:03:36:54 +0800] "GET /qq28/20090510/2507.html HTTP/1.1" 200 3405 "-" "Mozilla/5.0 (compatible; YoudaoBot/1.0; http://www.youdao.com/help/webmaster/spider/; )"
61.135.249.205 - - [14/May/2009:03:37:28 +0800] "GET /qq23/20090513/3657.html HTTP/1.1" 200 3679 "-" "Mozilla/5.0 (compatible; YoudaoBot/1.0; http://www.youdao.com/help/webmaster/spider/; )"
61.135.249.205 - - [14/May/2009:03:37:45 +0800] "GET /qq22/20090513/3647.html HTTP/1.1" 200 3418 "-" "Mozilla/5.0 (compatible; YoudaoBot/1.0; http://www.youdao.com/help/webmaster/spider/; )"
61.135.249.203 - - [14/May/2009:03:37:53 +0800] "GET /qq24/20090512/3437.html HTTP/1.1" 200 3201 "-" "Mozilla/5.0 (compatible; YoudaoBot/1.0; http://www.youdao.com/help/webmaster/spider/; )"
61.135.249.205 - - [14/May/2009:03:37:57 +0800] "GET /qq28/20090510/2522.html HTTP/1.1" 200 3106 "-" "Mozilla/5.0 (compatible; YoudaoBot/1.0; http://www.youdao.com/help/webmaster/spider/; )"
123.125.66.86 - - [14/May/2009:03:38:02 +0800] "GET /qq22/20090513/3982.html HTTP/1.1" 200 4821 "-" "Baiduspider+(+http://www.baidu.com/search/spider.htm)"
61.135.249.205 - - [14/May/2009:03:38:09 +0800] "GET /qq23/20090513/3658.html HTTP/1.1" 200 3601 "-" "Mozilla/5.0 (compatible; YoudaoBot/1.0; http://www.youdao.com/help/webmaster/spider/; )"
61.135.249.203 - - [14/May/2009:03:38:19 +0800] "GET /qq22/20090512/3439.html HTTP/1.1" 200 3323 "-" "Mozilla/5.0 (compatible; YoudaoBot/1.0; http://www.youdao.com/help/webmaster/spider/; )"
61.135.249.205 - - [14/May/2009:03:38:26 +0800] "GET /qq24/20090513/3654.html HTTP/1.1" 200 3579 "-" "Mozilla/5.0 (compatible; YoudaoBot/1.0; http://www.youdao.com/help/webmaster/spider/; )"
61.135.249.205 - - [14/May/2009:03:38:42 +0800] "GET /qq24/20090513/3950.html HTTP/1.1" 200 4461 "-" "Mozilla/5.0 (compatible; YoudaoBot/1.0; http://www.youdao.com/help/webmaster/spider/; )"
61.135.249.203 - - [14/May/2009:03:39:00 +0800] "GET /qq23/20090511/3215.html HTTP/1.1" 200 3378 "-" "Mozilla/5.0 (compatible; YoudaoBot/1.0; http://www.youdao.com/help/webmaster/spider/; )"
61.135.249.205 - - [14/May/2009:03:39:09 +0800] "GET /qq22/20090513/3646.html HTTP/1.1" 200 3311 "-" "Mozilla/5.0 (compatible; YoudaoBot/1.0; http://www.youdao.com/help/webmaster/spider/; )"
61.135.249.205 - - [14/May/2009:03:39:27 +0800] "GET /qq23/20090512/3428.html HTTP/1.1" 200 3480 "-" "Mozilla/5.0 (compatible; YoudaoBot/1.0; http://www.youdao.com/help/webmaster/spider/; )"
61.135.249.203 - - [14/May/2009:03:39:46 +0800] "GET /qq23/20090511/3222.html HTTP/1.1" 200 3398 "-" "Mozilla/5.0 (compatible; YoudaoBot/1.0; http://www.youdao.com/help/webmaster/spider/; )"
61.135.249.205 - - [14/May/2009:03:39:52 +0800] "GET /qq23/20090513/3655.html HTTP/1.1" 200 3803 "-" "Mozilla/5.0 (compatible; YoudaoBot/1.0; http://www.youdao.com/help/webmaster/spider/; )"
61.135.249.205 - - [14/May/2009:03:40:13 +0800] "GET /qq26/20090513/3659.html HTTP/1.1" 200 3602 "-" "Mozilla/5.0 (compatible; YoudaoBot/1.0; http://www.youdao.com/help/webmaster/spider/; )"
61.135.249.205 - - [14/May/2009:03:40:28 +0800] "GET /qq26/20090513/3660.html HTTP/1.1" 200 3501 "-" "Mozilla/5.0 (compatible; YoudaoBot/1.0; http://www.youdao.com/help/webmaster/spider/; )"
61.135.249.205 - - [14/May/2009:03:40:53 +0800] "GET /qq27/20090512/3433.html HTTP/1.1" 200 3224 "-" "Mozilla/5.0 (compatible; YoudaoBot/1.0; http://www.youdao.com/help/webmaster/spider/; )"
61.135.249.203 - - [14/May/2009:03:40:59 +0800] "GET /qq22/20090513/3649.html HTTP/1.1" 200 3196 "-" "Mozilla/5.0 (compatible; YoudaoBot/1.0; http://www.youdao.com/help/webmaster/spider/; )"
61.135.249.205 - - [14/May/2009:03:41:09 +0800] "GET /qq27/20090513/3949.html HTTP/1.1" 200 4474 "-" "Mozilla/5.0 (compatible; YoudaoBot/1.0; http://www.youdao.com/help/webmaster/spider/; )"
61.135.249.203 - - [14/May/2009:03:41:15 +0800] "GET /qq26/20090513/3644.html HTTP/1.1" 200 3414 "-" "Mozilla/5.0 (compatible; YoudaoBot/1.0; http://www.youdao.com/help/webmaster/spider/; )"
61.135.249.205 - - [14/May/2009:03:41:35 +0800] "GET /qq28/20090509/2440.html HTTP/1.1" 200 3378 "-" "Mozilla/5.0 (compatible; YoudaoBot/1.0; http://www.youdao.com/help/webmaster/spider/; )"
61.135.249.203 - - [14/May/2009:03:41:45 +0800] "GET /qq26/20090513/3653.html HTTP/1.1" 200 3629 "-" "Mozilla/5.0 (compatible; YoudaoBot/1.0; http://www.youdao.com/help/webmaster/spider/; )"
61.135.249.205 - - [14/May/2009:03:41:59 +0800] "GET /qq28/20090510/2510.html HTTP/1.1" 200 3157 "-" "Mozilla/5.0 (compatible; YoudaoBot/1.0; http://www.youdao.com/help/webmaster/spider/; )"
61.135.249.205 - - [14/May/2009:03:42:07 +0800] "GET /qq28/20090510/2529.html HTTP/1.1" 200 3381 "-" "Mozilla/5.0 (compatible; YoudaoBot/1.0; http://www.youdao.com/help/webmaster/spider/; )"
61.135.249.203 - - [14/May/2009:03:42:12 +0800] "GET /qq26/20090513/3662.html HTTP/1.1" 200 3465 "-" "Mozilla/5.0 (compatible; YoudaoBot/1.0; http://www.youdao.com/help/webmaster/spider/; )"
61.135.249.205 - - [14/May/2009:03:42:21 +0800] "GET /qq28/20090511/3163.html HTTP/1.1" 200 3336 "-" "Mozilla/5.0 (compatible; YoudaoBot/1.0; http://www.youdao.com/help/webmaster/spider/; )"
61.135.249.205 - - [14/May/2009:03:42:39 +0800] "GET /qq28/20090512/3424.html HTTP/1.1" 200 3461 "-" "Mozilla/5.0 (compatible; YoudaoBot/1.0; http://www.youdao.com/help/webmaster/spider/; )"
61.135.249.203 - - [14/May/2009:03:42:44 +0800] "GET /qq26/20090513/3951.html HTTP/1.1" 200 4886 "-" "Mozilla/5.0 (compatible; YoudaoBot/1.0; http://www.youdao.com/help/webmaster/spider/; )"
61.135.249.205 - - [14/May/2009:03:42:49 +0800] "GET /qq28/20090513/3656.html HTTP/1.1" 200 3522 "-" "Mozilla/5.0 (compatible; YoudaoBot/1.0; http://www.youdao.com/help/webmaster/spider/; )"
61.135.249.203 - - [14/May/2009:03:42:59 +0800] "GET /qq27/20090512/3432.html HTTP/1.1" 200 3486 "-" "Mozilla/5.0 (compatible; YoudaoBot/1.0; http://www.youdao.com/help/webmaster/spider/; )"
61.135.249.203 - - [14/May/2009:03:43:28 +0800] "GET /qq27/20090512/3434.html HTTP/1.1" 200 3406 "-" "Mozilla/5.0 (compatible; YoudaoBot/1.0; http://www.youdao.com/help/webmaster/spider/; )"
61.135.249.203 - - [14/May/2009:03:43:50 +0800] "GET /qq28/20090510/2516.html HTTP/1.1" 200 3482 "-" "Mozilla/5.0 (compatible; YoudaoBot/1.0; http://www.youdao.com/help/webmaster/spider/; )"
61.135.249.203 - - [14/May/2009:03:44:04 +0800] "GET /qq28/20090510/2541.html HTTP/1.1" 200 3419 "-" "Mozilla/5.0 (compatible; YoudaoBot/1.0; http://www.youdao.com/help/webmaster/spider/; )"
61.135.249.203 - - [14/May/2009:03:44:24 +0800] "GET /qq28/20090510/2750.html HTTP/1.1" 200 3120 "-" "Mozilla/5.0 (compatible; YoudaoBot/1.0; http://www.youdao.com/help/webmaster/spider/; )"
61.135.249.203 - - [14/May/2009:03:44:41 +0800] "GET /qq28/20090511/2975.html HTTP/1.1" 200 3233 "-" "Mozilla/5.0 (compatible; YoudaoBot/1.0; http://www.youdao.com/help/webmaster/spider/; )"
203.208.60.11 - - [14/May/2009:03:45:00 +0800] "GET /sitemaps.xml HTTP/1.1" 200 1064 "-" "Mozilla/5.0 (compatible; Googlebot/2.1; +http://www.google.com/bot.html)"
61.135.249.203 - - [14/May/2009:03:45:01 +0800] "GET /qq28/20090511/3172.html HTTP/1.1" 200 3504 "-" "Mozilla/5.0 (compatible; YoudaoBot/1.0; http://www.youdao.com/help/webmaster/spider/; )"
61.135.249.203 - - [14/May/2009:03:45:31 +0800] "GET /qq28/20090512/3441.html HTTP/1.1" 200 3536 "-" "Mozilla/5.0 (compatible; YoudaoBot/1.0; http://www.youdao.com/help/webmaster/spider/; )"
61.135.249.203 - - [14/May/2009:03:45:38 +0800] "GET /qq28/20090513/3953.html HTTP/1.1" 200 4851 "-" "Mozilla/5.0 (compatible; YoudaoBot/1.0; http://www.youdao.com/help/webmaster/spider/; )"
210.83.80.216 - - [14/May/2009:03:47:58 +0800] "GET /index.php HTTP/1.0" 200 9841 "-" "-"
121.35.249.9 - - [14/May/2009:03:47:57 +0800] "GET /2009.php HTTP/1.1" 200 401 "http://www.kakagoo.com/2009/0413/2606.html" "Mozilla/4.0 (compatible; MSIE 6.0; Windows NT 5.1; SV1; 360SE)"
210.83.80.216 - - [14/May/2009:03:50:33 +0800] "GET /index.php HTTP/1.0" 200 9830 "-" "-"
221.224.55.174 - - [14/May/2009:03:50:33 +0800] "GET /2009.php HTTP/1.1" 200 400 "http://www.kakagoo.com/2009/0104/680.html" "Mozilla/4.0 (compatible; MSIE 6.0; Windows NT 5.1; SV1; Mozilla/4.0 (compatible; MSIE 6.0; Windows NT 5.1; SV1) ; .NET CLR 2.0.50727)"
221.224.55.174 - - [14/May/2009:03:51:29 +0800] "GET /2009.php HTTP/1.1" 200 400 "http://www.kakagoo.com/2009/0429/2782.html" "Mozilla/4.0 (compatible; MSIE 6.0; Windows NT 5.1; SV1; Mozilla/4.0 (compatible; MSIE 6.0; Windows NT 5.1; SV1) ; .NET CLR 2.0.50727)"
221.224.55.174 - - [14/May/2009:03:51:47 +0800] "GET /2009.php HTTP/1.1" 200 400 "http://www.kakagoo.com/2009/0104/680.html" "Mozilla/4.0 (compatible; MSIE 6.0; Windows NT 5.1; SV1; Mozilla/4.0 (compatible; MSIE 6.0; Windows NT 5.1; SV1) ; .NET CLR 2.0.50727)"
123.125.66.62 - - [14/May/2009:03:54:31 +0800] "GET /qq15/20090513/3990.html HTTP/1.1" 200 4446 "-" "Baiduspider+(+http://www.baidu.com/search/spider.htm)"
210.83.80.216 - - [14/May/2009:04:00:17 +0800] "GET /index.php HTTP/1.0" 200 9828 "-" "-"
222.191.242.73 - - [14/May/2009:04:00:17 +0800] "GET /2009.php HTTP/1.1" 200 401 "http://www.kakagoo.com/2009/0406/2100.html" "Mozilla/4.0 (compatible; MSIE 6.0; Windows NT 5.1; SV1)"
202.160.188.229 - - [14/May/2009:04:04:36 +0800] "GET /robots.txt HTTP/1.0" 200 427 "-" "Mozilla/5.0 (compatible; Yahoo! Slurp China; http://misc.yahoo.com.cn/help.html)"
202.160.178.144 - - [14/May/2009:04:05:16 +0800] "GET /qq20/20090513/3682.html HTTP/1.0" 200 2656 "-" "Mozilla/5.0 (compatible; Yahoo! Slurp China; http://misc.yahoo.com.cn/help.html)"
210.83.80.216 - - [14/May/2009:04:11:05 +0800] "GET /index.php HTTP/1.0" 200 9822 "-" "-"
61.185.16.86 - - [14/May/2009:04:11:04 +0800] "GET /2009.php HTTP/1.0" 200 401 "http://www.kakagoo.com/2009/0306/1388.html" "Mozilla/4.0 (compatible; MSIE 6.0; Windows NT 5.1; SV1; Sicent; cafe8)"
210.83.80.216 - - [14/May/2009:04:20:54 +0800] "GET /index.php HTTP/1.0" 200 9842 "-" "-"
122.156.16.222 - - [14/May/2009:04:20:54 +0800] "GET /2009.php HTTP/1.1" 200 400 "http://www.kakagoo.com/2009/0414/2642.html" "Mozilla/4.0 (compatible; MSIE 6.0; Windows NT 5.1; SV1; 360SE)"
220.181.61.229 - - [14/May/2009:04:24:07 +0800] "GET /link/ HTTP/1.1" 200 1844 "-" "Sogou web spider/4.0(+http://www.sogou.com/docs/help/webmasters.htm#07)"
210.83.80.216 - - [14/May/2009:04:25:12 +0800] "GET /index.php HTTP/1.0" 200 9859 "-" "-"
60.10.9.141 - - [14/May/2009:04:25:12 +0800] "GET /2009.php HTTP/1.1" 200 400 "http://www.kakagoo.com/2009/0104/680.html" "Mozilla/4.0 (compatible; MSIE 6.0; Windows NT 5.1; SV1; iCafeMedia; .NET CLR 1.1.4322; .NET CLR 2.0.50727)"
221.2.238.146 - - [14/May/2009:04:27:33 +0800] "GET /2009.php HTTP/1.1" 200 400 "http://www.kakagoo.com/2009/0306/1386.html" "Mozilla/4.0 (compatible; MSIE 6.0; Windows NT 5.1; SV1; icafe8)"
123.125.66.98 - - [14/May/2009:04:28:20 +0800] "GET /qq15/20090513/3651.html HTTP/1.1" 200 3423 "-" "Baiduspider+(+http://www.baidu.com/search/spider.htm)"
210.83.80.216 - - [14/May/2009:04:34:46 +0800] "GET /index.php HTTP/1.0" 200 9886 "-" "-"
61.167.162.5 - - [14/May/2009:04:34:46 +0800] "GET /2009.php HTTP/1.1" 200 400 "http://www.kakagoo.com/2009/0306/1392.html" "Mozilla/4.0 (compatible; MSIE 6.0; Windows NT 5.1; SV1; QQDownload 1.7; TencentTraveler 4.0; EmbeddedWB 14.52 from: http://www.bsalsa.com/ EmbeddedWB 14.52)"
210.83.80.216 - - [14/May/2009:04:41:11 +0800] "GET /index.php HTTP/1.0" 200 9884 "-" "-"
125.70.169.133 - - [14/May/2009:04:41:11 +0800] "GET /2009.php HTTP/1.1" 200 400 "http://www.kakagoo.com/tag.php?tag=%B7%D6%BA%EC%D3%EA%C9%A1&page=1" "Mozilla/4.0 (compatible; MSIE 6.0; Windows NT 5.1; SV1)"
125.70.169.133 - - [14/May/2009:04:41:24 +0800] "GET /2009.php HTTP/1.1" 200 400 "http://www.kakagoo.com/tag.php?tag=%B7%D6%BA%EC%D3%EA%C9%A1&page=1" "Mozilla/4.0 (compatible; MSIE 6.0; Windows NT 5.1; SV1)"
125.70.169.133 - - [14/May/2009:04:41:29 +0800] "GET /2009.php HTTP/1.1" 200 400 "http://www.kakagoo.com/tag.php?tag=%B7%D6%BA%EC%D3%EA%C9%A1&page=1" "Mozilla/4.0 (compatible; MSIE 6.0; Windows NT 5.1; SV1)"
125.70.169.133 - - [14/May/2009:04:41:31 +0800] "GET /2009.php HTTP/1.1" 200 400 "http://www.kakagoo.com/tag.php?tag=%B7%D6%BA%EC%D3%EA%C9%A1&page=1" "Mozilla/4.0 (compatible; MSIE 6.0; Windows NT 5.1; SV1)"
219.139.109.178 - - [14/May/2009:04:43:59 +0800] "GET /2009.php HTTP/1.1" 200 400 "http://www.kakagoo.com/2009/0427/2769.html" "Mozilla/4.0 (compatible; MSIE 6.0; Windows NT 5.1; SV1; Goyoo; Mozilla/4.0 (compatible; MSIE 6.0; Windows NT 5.1; SV1) ; Goyoo)"
203.208.60.18 - - [14/May/2009:04:47:34 +0800] "GET /qq27/20090513/3964.html HTTP/1.1" 200 5000 "-" "Mozilla/5.0 (compatible; Googlebot/2.1; +http://www.google.com/bot.html)"
210.83.80.216 - - [14/May/2009:04:51:52 +0800] "GET /index.php HTTP/1.0" 200 9900 "-" "-"
219.138.204.149 - - [14/May/2009:04:51:52 +0800] "GET /2009.php HTTP/1.1" 200 401 "http://www.kakagoo.com/2009/0116/895_3.html" "Mozilla/4.0 (compatible; MSIE 6.0; Windows NT 5.1; SV1; Sicent; .NET CLR 1.1.4322)"
219.138.204.149 - - [14/May/2009:04:51:56 +0800] "GET /2009.php HTTP/1.1" 200 400 "http://www.kakagoo.com/2009/0116/895_5.html" "Mozilla/4.0 (compatible; MSIE 6.0; Windows NT 5.1; SV1; Sicent; .NET CLR 1.1.4322)"
72.14.199.115 - - [14/May/2009:04:55:05 +0800] "GET /rss.php?respond=output HTTP/1.1" 200 2152 "-" "Feedfetcher-Google; (+http://www.google.com/feedfetcher.html; 1 subscribers; feed-id=12344736537089703327)"
203.208.60.18 - - [14/May/2009:04:56:42 +0800] "GET /qq25/20090513/3956.html HTTP/1.1" 200 4187 "-" "Mozilla/5.0 (compatible; Googlebot/2.1; +http://www.google.com/bot.html)"
210.83.80.216 - - [14/May/2009:04:57:04 +0800] "GET /index.php HTTP/1.0" 200 9877 "-" "-"
81.184.201.180 - - [14/May/2009:04:57:04 +0800] "GET /2009.php HTTP/1.1" 200 400 "http://www.kakagoo.com/2009/0306/1387.html" "Mozilla/4.0 (compatible; MSIE 6.0; Windows NT 5.1; SV1)"
123.125.66.82 - - [14/May/2009:04:59:10 +0800] "GET /qq26/20090508/1835.html HTTP/1.1" 200 3081 "-" "Baiduspider+(+http://www.baidu.com/search/spider.htm)"
123.125.66.73 - - [14/May/2009:05:00:56 +0800] "GET /qq25/20090507/1633.html HTTP/1.1" 200 3099 "-" "Baiduspider+(+http://www.baidu.com/search/spider.htm)"

